{"id":210,"date":"2021-02-28T00:20:02","date_gmt":"2021-02-27T23:20:02","guid":{"rendered":"https:\/\/speefak.spdns.de\/www.x-woodart.com\/?post_type=glossary&#038;p=210"},"modified":"2022-01-29T03:52:36","modified_gmt":"2022-01-29T02:52:36","slug":"eiche","status":"publish","type":"glossary","link":"https:\/\/speefak.spdns.de\/www.x-woodart.com\/index.php\/glossary\/eiche\/","title":{"rendered":"Eiche"},"content":{"rendered":"<p>Eichenholz hat einen graugelben bis gelbbraunen Kern, der sich farblich vom umgebenden Splintholz unterscheidet. Die Jahresringe sind deutlich erkennbar und geben ihm eine gleichm\u00e4\u00dfige Maserung, die durch sehr feine oder breite Strahlen gepr\u00e4gt ist. Wird das Holz diagonal zum Stamm geschnitten, entstehen zungenf\u00f6rmige &#8220;Fladern&#8221; in der Maserung. Unter Lichteinfluss dunkelt Eichenholz zu einem gelb bis dunkelbraunen Farbton nach.<\/p>\n<div id=\"metaslider-id-995\" style=\"max-width: 500px; margin: 0 auto;\" class=\"ml-slider-3-108-0 metaslider metaslider-nivo metaslider-995 ml-slider ml-slider-lightbox-2-22-0 ari-fancy-lightbox-1-4-1 ms-theme-default\" role=\"region\" aria-label=\"X-Wiki Eiche\" data-height=\"500\" data-width=\"500\">\n    <div id=\"metaslider_container_995\">\n        <div class='slider-wrapper theme-default'><div class='ribbon'><\/div><div id='metaslider_995' class='nivoSlider'><img loading=\"lazy\" decoding=\"async\" src=\"https:\/\/speefak.spdns.de\/www.x-woodart.com\/wp-content\/uploads\/2022\/02\/Eiche.jpg_500x500.jpg\" height=\"500\" width=\"500\" title=\"Eiche.jpg_500x500\" alt=\"\" class=\"slider-995 slide-1208 msDefaultImage ml-lightbox-enabled\" \/><img loading=\"lazy\" decoding=\"async\" src=\"https:\/\/speefak.spdns.de\/www.x-woodart.com\/wp-content\/uploads\/2022\/02\/Eiche-1.jpg_500x500.jpg\" height=\"500\" width=\"500\" title=\"Eiche (1).jpg_500x500\" alt=\"\" class=\"slider-995 slide-1212 msDefaultImage ml-lightbox-enabled\" \/><img loading=\"lazy\" decoding=\"async\" src=\"https:\/\/speefak.spdns.de\/www.x-woodart.com\/wp-content\/uploads\/2022\/02\/Eiche-4.jpg_500x500.jpg\" height=\"500\" width=\"500\" title=\"Eiche (4).jpg_500x500\" alt=\"\" class=\"slider-995 slide-1209 msDefaultImage ml-lightbox-enabled\" \/><img loading=\"lazy\" decoding=\"async\" src=\"https:\/\/speefak.spdns.de\/www.x-woodart.com\/wp-content\/uploads\/2022\/02\/Eiche-3.jpg_500x500.jpg\" height=\"500\" width=\"500\" title=\"Eiche (3).jpg_500x500\" alt=\"\" class=\"slider-995 slide-1210 msDefaultImage ml-lightbox-enabled\" \/><img loading=\"lazy\" decoding=\"async\" src=\"https:\/\/speefak.spdns.de\/www.x-woodart.com\/wp-content\/uploads\/2022\/02\/Eiche-2.jpg_500x500.jpg\" height=\"500\" width=\"500\" title=\"Eiche (2).jpg_500x500\" alt=\"\" class=\"slider-995 slide-1211 msDefaultImage ml-lightbox-enabled\" \/><\/div><\/div>\n        \n    <\/div>\n<\/div>\n","protected":false},"excerpt":{"rendered":"<p>Eichenholz hat einen graugelben bis gelbbraunen Kern, der sich farblich vom umgebenden Splintholz unterscheidet. Die Jahresringe sind deutlich erkennbar und geben ihm eine gleichm\u00e4\u00dfige Maserung, die durch sehr feine oder breite Strahlen gepr\u00e4gt ist. Wird das Holz diagonal zum Stamm geschnitten, entstehen zungenf\u00f6rmige &#8220;Fladern&#8221; in der Maserung. Unter Lichteinfluss dunkelt Eichenholz zu einem gelb bis [&hellip;]<\/p>\n","protected":false},"author":1,"featured_media":0,"menu_order":0,"template":"","meta":{"footnotes":""},"class_list":["post-210","glossary","type-glossary","status-publish","czr-hentry"],"_links":{"self":[{"href":"https:\/\/speefak.spdns.de\/www.x-woodart.com\/index.php\/wp-json\/wp\/v2\/glossary\/210","targetHints":{"allow":["GET"]}}],"collection":[{"href":"https:\/\/speefak.spdns.de\/www.x-woodart.com\/index.php\/wp-json\/wp\/v2\/glossary"}],"about":[{"href":"https:\/\/speefak.spdns.de\/www.x-woodart.com\/index.php\/wp-json\/wp\/v2\/types\/glossary"}],"author":[{"embeddable":true,"href":"https:\/\/speefak.spdns.de\/www.x-woodart.com\/index.php\/wp-json\/wp\/v2\/users\/1"}],"version-history":[{"count":0,"href":"https:\/\/speefak.spdns.de\/www.x-woodart.com\/index.php\/wp-json\/wp\/v2\/glossary\/210\/revisions"}],"wp:attachment":[{"href":"https:\/\/speefak.spdns.de\/www.x-woodart.com\/index.php\/wp-json\/wp\/v2\/media?parent=210"}],"curies":[{"name":"wp","href":"https:\/\/api.w.org\/{rel}","templated":true}]}}

<p>Eichenholz hat einen graugelben bis gelbbraunen Kern, der sich farblich vom umgebenden Splintholz unterscheidet. Die Jahresringe sind deutlich erkennbar und geben ihm eine gleichmäßige Maserung, die durch sehr feine oder breite Strahlen geprägt ist. Wird das Holz diagonal zum Stamm geschnitten, entstehen zungenförmige &#8220;Fladern&#8221; in der Maserung. Unter Lichteinfluss dunkelt Eichenholz zu einem gelb bis dunkelbraunen Farbton nach.</p>
<div id="metaslider-id-995" style="max-width: 500px; margin: 0 auto;" class="ml-slider-3-108-0 metaslider metaslider-nivo metaslider-995 ml-slider ml-slider-lightbox-2-22-0 ari-fancy-lightbox-1-4-1 ms-theme-default" role="region" aria-label="X-Wiki Eiche" data-height="500" data-width="500">
    <div id="metaslider_container_995">
        <div class='slider-wrapper theme-default'><div class='ribbon'></div><div id='metaslider_995' class='nivoSlider'><img loading="lazy" decoding="async" src="https://speefak.spdns.de/www.x-woodart.com/wp-content/uploads/2022/02/Eiche.jpg_500x500.jpg" height="500" width="500" title="Eiche.jpg_500x500" alt="" class="slider-995 slide-1208 msDefaultImage ml-lightbox-enabled" /><img loading="lazy" decoding="async" src="https://speefak.spdns.de/www.x-woodart.com/wp-content/uploads/2022/02/Eiche-1.jpg_500x500.jpg" height="500" width="500" title="Eiche (1).jpg_500x500" alt="" class="slider-995 slide-1212 msDefaultImage ml-lightbox-enabled" /><img loading="lazy" decoding="async" src="https://speefak.spdns.de/www.x-woodart.com/wp-content/uploads/2022/02/Eiche-4.jpg_500x500.jpg" height="500" width="500" title="Eiche (4).jpg_500x500" alt="" class="slider-995 slide-1209 msDefaultImage ml-lightbox-enabled" /><img loading="lazy" decoding="async" src="https://speefak.spdns.de/www.x-woodart.com/wp-content/uploads/2022/02/Eiche-3.jpg_500x500.jpg" height="500" width="500" title="Eiche (3).jpg_500x500" alt="" class="slider-995 slide-1210 msDefaultImage ml-lightbox-enabled" /><img loading="lazy" decoding="async" src="https://speefak.spdns.de/www.x-woodart.com/wp-content/uploads/2022/02/Eiche-2.jpg_500x500.jpg" height="500" width="500" title="Eiche (2).jpg_500x500" alt="" class="slider-995 slide-1211 msDefaultImage ml-lightbox-enabled" /></div></div>
        
    </div>
</div>

<p>Eichenholz hat einen graugelben bis gelbbraunen Kern, der sich farblich vom umgebenden Splintholz unterscheidet. Die Jahresringe sind deutlich erkennbar und geben ihm eine gleichmäßige Maserung, die durch sehr feine oder breite Strahlen geprägt ist. Wird das Holz diagonal zum Stamm geschnitten, entstehen zungenförmige &#8220;Fladern&#8221; in der Maserung. Unter Lichteinfluss dunkelt Eichenholz zu einem gelb bis [&hellip;]</p>
