{"id":989,"date":"2016-05-10T11:48:37","date_gmt":"2016-05-10T09:48:37","guid":{"rendered":"https:\/\/speefak.spdns.de\/www.cc-trade.info\/?page_id=989"},"modified":"2019-02-24T18:08:01","modified_gmt":"2019-02-24T17:08:01","slug":"nem-der-energiespar-coin","status":"publish","type":"page","link":"https:\/\/speefak.spdns.de\/www.cc-trade.info\/kryptowaehrungen\/nem-der-energiespar-coin\/","title":{"rendered":"NEM &#8211; der Energiespar Coin"},"content":{"rendered":"<h2>NEM &#8211; der Energiespar Coin<\/h2>\n<p><strong><em><img loading=\"lazy\" decoding=\"async\" class=\"size-full wp-image-1707 alignright\" src=\"https:\/\/speefak.spdns.de\/www.cc-trade.info\/wp-content\/uploads\/2019\/02\/nem_sw.png\" alt=\"\" width=\"128\" height=\"128\" \/>NEM<\/em> steht f\u00fcr die Abk\u00fcrzung New Economy Movement und ist eine mit der Einheit XEM am 31.03.2015 gestartete Kryptow\u00e4hrung. Diese neue Kryptow\u00e4hrung bringt einen neuartigen Konsensmechanismus mit sich: Das Proof of Importance (POI). Der POI-Algorithmus berechnet einen sogenannten Wichtigkeitswert f\u00fcr jedes Konto. Dabei werden der Kontostand, der Wichtigkeitswert des Kontos und die Aktivit\u00e4t des Kontos, mit denen interagiert wurde, ber\u00fccksichtigt.<\/strong><\/p>\n<p>Je h\u00f6her der Wichtigkeitswert eines Kontos sein kann, desto h\u00f6her ist die Wahrscheinlichkeit, die Transaktionsgeb\u00fchren zu ernten. Die Konten mit gr\u00f6\u00dferen Betr\u00e4gen sind damit also nicht automatisch im Vorteil. Demzufolge wird eine Motivation erschaffen, diese digitale W\u00e4hrung wirklich zu verwenden und alles andere als blo\u00df zu halten, sodass die Umlaufgeschwindigkeit der W\u00e4hrung vergr\u00f6\u00dfert wird. Auch k\u00f6nnen Herausforderungen und Probleme abgeschw\u00e4cht werden, die unter anderen mit dem Proof of Work zusammen h\u00e4ngen, wie beispielsweise extreme Preisschwankungen, Deflation,\u00a0 Zentralisierungs Tendenzen und massiver Energieverbrauch.<\/p>\n<hr \/>\n<h3>Das Sicherheitskonzept<\/h3>\n<p>Die Sicherheit ist f\u00fcr die Kryptow\u00e4hurngen ein zentrales Thema, daher wurde bei der Entwicklung von dieser neuen Kryptow\u00e4hnrung besonderer Wert auf die Optimierung der Sicherheit des Netzwerks und der Konten selbst gelegt. So wurde zum Beispiel der Regulations-Algorithmus \u201eEigentrust\u201c einprogrammiert, mit dessen Hilfe die Vertrauensw\u00fcrdigkeit aller teilnehmenden Knotenpunkte gemessen wird. Je geringer die Vertrauensw\u00fcrdigkeit eines Knotenpunkts ist, desto niedriger ist zudem die Wahrscheinlichkeit, dass dieser Knotenpunkt f\u00fcr die aktive Kommunikation von anderen Knotenpunkten ausgew\u00e4hlt wird. Weiterhin ist diese Kryptow\u00e4hrung die erste Krypto-Plattform, die eine Zeitsynchronisation zwischen den Knotenpunkten verwendet und die innovative Spam-Schutzfunktione eingebunden hat. Die Blockchain-basierende Multisignatur-Methode ist zudem f\u00fcr Einsteiger leicht verst\u00e4ndlich und simpel zu benutzen, Nachrichten k\u00f6nnen verschl\u00fcsselt gesendet werden und die komplette Software beruht auf einer robusten Client-Server-Architektur, auf die sehr simpel aufgebaut werden kann, um weitere Funktionen zu erm\u00f6glichen.<\/p>\n<hr \/>\n<h3>Die Technologie<\/h3>\n<p>&nbsp;<\/p>\n<p>Die Software besteht grunds\u00e4tzlich aus zwei Teilen: dem NEM Infrastructure Server (NIS) und dem NEM Community Client (NCC). Die Kryptow\u00e4hrung XEM stellt nur einen Teil des NEM \u00d6kosystems dar, und zusammen mit NIS und NCC bildet sie eine der weltweit fortschrittlichsten, dezentralen Krypto-Plattformen. F\u00fcr zuk\u00fcnftige Versionen sind sogenannte Smart Property Tiles, eine dezentrale Asset Exchange, Smart Contracts und viele weitere innovative Anwendungen geplant, die alle auf der NEM Blockchain basieren.<\/p>\n<p>Die zugrunde liegende Architektur wurde von vornherein auf die Verwendung von \u201cThin Clients\u201d ohne Verwendung von Drittanbietern ausgelegt. Dadurch kann eine Vielzahl von Ger\u00e4ten mit unterschiedlichster Hardware, wie zum Beispiel preisg\u00fcnstige Minicomputer (Raspberry Pi 2 und andere) oder Smartphones, verwendet werden, und NEM somit einem gr\u00f6\u00dferen Publikum bereitgestellt werden. Die Nutzer haben volle Kontrolle \u00fcber ihr digitales Geld und m\u00fcssen keinerlei Einschr\u00e4nkungen durch Dritte bef\u00fcrchten.<\/p>\n<p>Wie bereits erw\u00e4hnt ist die Ver\u00f6ffentlichung von NIS und NCC nur der erste Schritt f\u00fcr den Start des NEM \u00d6kosystems. Die Plattform wurde so konzipiert, dass weitere Systeme komfortabel integriert werden k\u00f6nnen. Die m\u00f6glichen Anwendungen sind hierbei vielf\u00e4ltig: Hochfrequenzhandel, Integration von Finanzm\u00e4rkten (Aktien, Derivate, Optionsscheine, Devisen etc.), Social Media, fortschrittliche Smartphone Apps und viele weitere Entwicklungen, die bequem in die flexible und robuste Plattform integriert werden k\u00f6nnen.<\/p>\n<p>Das NEM \u00d6kosystem wurde von Grund auf sorgf\u00e4ltig konzipiert und rigoros mit umfassenden Stresstests gepr\u00fcft. So wurden beispielsweise Millionen von Transaktionen w\u00e4hrend der 9-monatigen Alpha- und Betaphase der Software gesendet. NEM schafft L\u00f6sungen f\u00fcr eine Vielzahl von Anwendungsgebieten wie pers\u00f6nliche Finanzen, Inernethandel,<\/p>\n<hr \/>\n<p>&nbsp;<\/p>\n","protected":false},"excerpt":{"rendered":"<p>NEM &#8211; der Energiespar Coin NEM steht f\u00fcr die Abk\u00fcrzung New Economy Movement und ist eine mit der Einheit XEM am 31.03.2015 gestartete Kryptow\u00e4hrung. Diese neue Kryptow\u00e4hrung bringt einen neuartigen Konsensmechanismus mit sich: Das&#46;&#46;&#46;<\/p>\n","protected":false},"author":1,"featured_media":1389,"parent":140,"menu_order":9,"comment_status":"closed","ping_status":"closed","template":"page-templates\/child-menu.php","meta":{"footnotes":""},"class_list":["post-989","page","type-page","status-publish","has-post-thumbnail","hentry"],"_links":{"self":[{"href":"https:\/\/speefak.spdns.de\/www.cc-trade.info\/wp-json\/wp\/v2\/pages\/989","targetHints":{"allow":["GET"]}}],"collection":[{"href":"https:\/\/speefak.spdns.de\/www.cc-trade.info\/wp-json\/wp\/v2\/pages"}],"about":[{"href":"https:\/\/speefak.spdns.de\/www.cc-trade.info\/wp-json\/wp\/v2\/types\/page"}],"author":[{"embeddable":true,"href":"https:\/\/speefak.spdns.de\/www.cc-trade.info\/wp-json\/wp\/v2\/users\/1"}],"replies":[{"embeddable":true,"href":"https:\/\/speefak.spdns.de\/www.cc-trade.info\/wp-json\/wp\/v2\/comments?post=989"}],"version-history":[{"count":0,"href":"https:\/\/speefak.spdns.de\/www.cc-trade.info\/wp-json\/wp\/v2\/pages\/989\/revisions"}],"up":[{"embeddable":true,"href":"https:\/\/speefak.spdns.de\/www.cc-trade.info\/wp-json\/wp\/v2\/pages\/140"}],"wp:featuredmedia":[{"embeddable":true,"href":"https:\/\/speefak.spdns.de\/www.cc-trade.info\/wp-json\/wp\/v2\/media\/1389"}],"wp:attachment":[{"href":"https:\/\/speefak.spdns.de\/www.cc-trade.info\/wp-json\/wp\/v2\/media?parent=989"}],"curies":[{"name":"wp","href":"https:\/\/api.w.org\/{rel}","templated":true}]}}