{"id":87,"date":"2017-05-13T10:14:22","date_gmt":"2017-05-13T08:14:22","guid":{"rendered":"https:\/\/speefak.spdns.de\/www.cc-trade.info\/?page_id=87"},"modified":"2018-01-24T03:06:29","modified_gmt":"2018-01-24T02:06:29","slug":"boersen","status":"publish","type":"page","link":"https:\/\/speefak.spdns.de\/www.cc-trade.info\/boersen\/","title":{"rendered":"B\u00f6rsen"},"content":{"rendered":"<h2>B\u00f6rsen<\/h2>\n<p>Der Kauf und Verkauf von Kryptow\u00e4hrungen wird gr\u00f6\u00dftenteils \u00fcber verschiedene B\u00f6rsen abgewickelt. Nicht jede W\u00e4hrung kann an jeder B\u00f6rse gehandelt werden. Die Kursberechnung sowie die Transaktionsgeb\u00fchren berechnet jede B\u00f6rse f\u00fcr sich was in unterschiedlichen Kosten f\u00fcr den Handel mit Kryptow\u00e4hrungen resultiert. B\u00f6rsen gelagerte Depots bieten allerdings immer das Risiko im Fall von Coin-Diebst\u00e4hlen, tempor\u00e4reren Ausfalls oder Systemfehlern der B\u00f6rse Verluste einzufahren. Daher empfiehlt es sich Offlinedepots ( Wallets, Paperwallets ) anzulegen und dort das nicht zum Handeln ben\u00f6tigte Kapital zu sicher lagern.<\/p>\n<p>&nbsp;<\/p>\n<hr \/>\n<p><a href=\"https:\/\/www.kraken.com\/\" target=\"_blank\" rel=\"noopener noreferrer\"><img loading=\"lazy\" decoding=\"async\" class=\"alignleft wp-image-130 size-full\" src=\"https:\/\/speefak.spdns.de\/www.cc-trade.info\/wp-content\/uploads\/2017\/05\/kraken.com_-2.png\" alt=\"\" width=\"200\" height=\"120\" srcset=\"https:\/\/speefak.spdns.de\/www.cc-trade.info\/wp-content\/uploads\/2017\/05\/kraken.com_-2.png 200w, https:\/\/speefak.spdns.de\/www.cc-trade.info\/wp-content\/uploads\/2017\/05\/kraken.com_-2-150x90.png 150w, https:\/\/speefak.spdns.de\/www.cc-trade.info\/wp-content\/uploads\/2017\/05\/kraken.com_-2-160x96.png 160w\" sizes=\"auto, (max-width: 200px) 100vw, 200px\" \/><\/a><\/p>\n<ul>\n<li>Standort : United States of America ( San Francisco )<\/li>\n<li><a href=\"https:\/\/www.kraken.com\/help\/fees\" target=\"_blank\" rel=\"noopener noreferrer\">Transaktionsgeb\u00fchr \/ Fee<\/a> : 0,16 % &#8211; 0.24 %<\/li>\n<li>W\u00e4hrungen : EUR | USD | XBT | ETH | LTC | XRP | DASH | ETC | GNO | ICN | MLN | REP | USDT | XDG | XLM | XMR | ZEC<\/li>\n<li>Sicherheit : 2 Wege Login ( TOTP ),\u00a0 PGP verschl\u00fcsselte E-Mail, Postident f\u00fcr Fiatw\u00e4hrungshandel, Masterpasswort<\/li>\n<\/ul>\n<p style=\"text-align: center;\">H\u00e4ufiger Ausfall des Trading Backends, Hochfrequenzhandel daher nur bedingt m\u00f6glich.<\/p>\n<hr \/>\n<p><a href=\"https:\/\/poloniex.com\/\" target=\"_blank\" rel=\"noopener noreferrer\"><img loading=\"lazy\" decoding=\"async\" class=\"alignleft size-full wp-image-114\" src=\"https:\/\/speefak.spdns.de\/www.cc-trade.info\/wp-content\/uploads\/2017\/05\/poloniex.com_.png\" alt=\"\" width=\"200\" height=\"100\" srcset=\"https:\/\/speefak.spdns.de\/www.cc-trade.info\/wp-content\/uploads\/2017\/05\/poloniex.com_.png 200w, https:\/\/speefak.spdns.de\/www.cc-trade.info\/wp-content\/uploads\/2017\/05\/poloniex.com_-150x75.png 150w, https:\/\/speefak.spdns.de\/www.cc-trade.info\/wp-content\/uploads\/2017\/05\/poloniex.com_-160x80.png 160w\" sizes=\"auto, (max-width: 200px) 100vw, 200px\" \/><\/a><\/p>\n<ul>\n<li>Standort : United States of America (\u00a0Willmington ) \/ Deutschland<\/li>\n<li><a href=\"https:\/\/poloniex.com\/fees\/\" target=\"_blank\" rel=\"noopener noreferrer\">Transaktionsgeb\u00fchr \/ Fee<\/a> : 0,15 % &#8211; 0.25 %<\/li>\n<li>zu handelnde W\u00e4hrungen : EUR | USD | XBT | ETH | LTC | DASH | ETC | XMR | ZEC<\/li>\n<li>Sicherheit : testing<\/li>\n<\/ul>\n<p>&nbsp;<\/p>\n<hr \/>\n<p><a href=\"https:\/\/www.bitstamp.net\/\" target=\"_blank\" rel=\"noopener noreferrer\"><img loading=\"lazy\" decoding=\"async\" class=\"alignleft size-full wp-image-116\" src=\"https:\/\/speefak.spdns.de\/www.cc-trade.info\/wp-content\/uploads\/2017\/05\/bitstamp.net_.png\" alt=\"\" width=\"200\" height=\"100\" srcset=\"https:\/\/speefak.spdns.de\/www.cc-trade.info\/wp-content\/uploads\/2017\/05\/bitstamp.net_.png 200w, https:\/\/speefak.spdns.de\/www.cc-trade.info\/wp-content\/uploads\/2017\/05\/bitstamp.net_-150x75.png 150w, https:\/\/speefak.spdns.de\/www.cc-trade.info\/wp-content\/uploads\/2017\/05\/bitstamp.net_-160x80.png 160w\" sizes=\"auto, (max-width: 200px) 100vw, 200px\" \/><\/a><\/p>\n<ul>\n<li>Standort : United Kingdom ( London ) \/ Luxemburg<\/li>\n<li><a href=\"https:\/\/www.bitstamp.net\/fee_schedule\/\" target=\"_blank\" rel=\"noopener noreferrer\">Transaktionsgeb\u00fchr \/ Fee<\/a> : 0,1 % &#8211; 0.25 %<\/li>\n<li>W\u00e4hrungen : EUR | USD | XBT | XRP<\/li>\n<li>Sicherheit : testing<\/li>\n<\/ul>\n<p>&nbsp;<\/p>\n<hr \/>\n<p><a href=\"https:\/\/www.coinbase.com\/\" target=\"_blank\" rel=\"noopener noreferrer\"><img loading=\"lazy\" decoding=\"async\" class=\"alignleft size-full wp-image-115\" src=\"https:\/\/speefak.spdns.de\/www.cc-trade.info\/wp-content\/uploads\/2017\/05\/coinbase.com_.png\" alt=\"\" width=\"200\" height=\"100\" srcset=\"https:\/\/speefak.spdns.de\/www.cc-trade.info\/wp-content\/uploads\/2017\/05\/coinbase.com_.png 200w, https:\/\/speefak.spdns.de\/www.cc-trade.info\/wp-content\/uploads\/2017\/05\/coinbase.com_-150x75.png 150w, https:\/\/speefak.spdns.de\/www.cc-trade.info\/wp-content\/uploads\/2017\/05\/coinbase.com_-160x80.png 160w\" sizes=\"auto, (max-width: 200px) 100vw, 200px\" \/><\/a><\/p>\n<ul>\n<li>Standort : United States of America<\/li>\n<li><a href=\"https:\/\/support.coinbase.com\/customer\/portal\/articles\/2109597-buy-sell-bank-transfer-fees\" target=\"_blank\" rel=\"noopener noreferrer\">Transaktionsgeb\u00fchr \/ Fee<\/a> : 1.49 %<\/li>\n<li>W\u00e4hrungen : EUR | USD | XBT | LTC | ETH<\/li>\n<li>Sicherheit : testing<\/li>\n<\/ul>\n<p>&nbsp;<\/p>\n<hr \/>\n<p><a href=\"https:\/\/www.bitcoin.de\" target=\"_blank\" rel=\"noopener noreferrer\"><img loading=\"lazy\" decoding=\"async\" class=\"alignleft size-full wp-image-117\" src=\"https:\/\/speefak.spdns.de\/www.cc-trade.info\/wp-content\/uploads\/2017\/05\/bitcoin.de_.png\" alt=\"\" width=\"200\" height=\"100\" srcset=\"https:\/\/speefak.spdns.de\/www.cc-trade.info\/wp-content\/uploads\/2017\/05\/bitcoin.de_.png 200w, https:\/\/speefak.spdns.de\/www.cc-trade.info\/wp-content\/uploads\/2017\/05\/bitcoin.de_-150x75.png 150w, https:\/\/speefak.spdns.de\/www.cc-trade.info\/wp-content\/uploads\/2017\/05\/bitcoin.de_-160x80.png 160w\" sizes=\"auto, (max-width: 200px) 100vw, 200px\" \/><\/a><\/p>\n<ul>\n<li>Standort : Deutschland ( M\u00fcnchen )<\/li>\n<li><a href=\"https:\/\/www.bitcoin.de\/de\/infos#gebuehren\" target=\"_blank\" rel=\"noopener noreferrer\">Transaktionsgeb\u00fchr \/ Fee <\/a>: 0.4 % &#8211; 0.5 %<\/li>\n<li>W\u00e4hrungen : EUR |\u00a0 XBT |<\/li>\n<li>Sicherheit : 2 Wege Login ( TOTP ),\u00a0 Postident f\u00fcr Fiatw\u00e4hrungshandel<\/li>\n<\/ul>\n<p>&nbsp;<\/p>\n<hr \/>\n<p><a href=\"https:\/\/www.bitfinex.com\/\" target=\"_blank\" rel=\"noopener noreferrer\"><img loading=\"lazy\" decoding=\"async\" class=\"alignleft size-full wp-image-113\" src=\"https:\/\/speefak.spdns.de\/www.cc-trade.info\/wp-content\/uploads\/2017\/05\/bitfinex.com_.png\" alt=\"\" width=\"200\" height=\"100\" srcset=\"https:\/\/speefak.spdns.de\/www.cc-trade.info\/wp-content\/uploads\/2017\/05\/bitfinex.com_.png 200w, https:\/\/speefak.spdns.de\/www.cc-trade.info\/wp-content\/uploads\/2017\/05\/bitfinex.com_-150x75.png 150w, https:\/\/speefak.spdns.de\/www.cc-trade.info\/wp-content\/uploads\/2017\/05\/bitfinex.com_-160x80.png 160w\" sizes=\"auto, (max-width: 200px) 100vw, 200px\" \/><\/a><\/p>\n<ul>\n<li>Standort :<\/li>\n<li><a href=\"https:\/\/www.bitfinex.com\/fees\" target=\"_blank\" rel=\"noopener noreferrer\">Transaktionsgeb\u00fchr \/ Fee<\/a> : 0.1 % &#8211; 0.2 %<\/li>\n<li>zu handelnde W\u00e4hrungen : USD | XBT | ETH | LTC | DASH | ETC | XMR | ZEC | BCC | BCU<\/li>\n<li>Sicherheit : <a href=\"https:\/\/www.tagesschau.de\/wirtschaft\/hack-bitfinex-101.html\" target=\"_blank\" rel=\"noopener noreferrer\">Hacked 08.2016 &#8211; 120.000 Bitcoins entwendet <\/a><\/li>\n<\/ul>\n<p>&nbsp;<\/p>\n<hr \/>\n","protected":false},"excerpt":{"rendered":"<p>B\u00f6rsen Der Kauf und Verkauf von Kryptow\u00e4hrungen wird gr\u00f6\u00dftenteils \u00fcber verschiedene B\u00f6rsen abgewickelt. Nicht jede W\u00e4hrung kann an jeder B\u00f6rse gehandelt werden. Die Kursberechnung sowie die Transaktionsgeb\u00fchren berechnet jede B\u00f6rse f\u00fcr sich was in&#46;&#46;&#46;<\/p>\n","protected":false},"author":1,"featured_media":1382,"parent":0,"menu_order":6,"comment_status":"closed","ping_status":"closed","template":"page-templates\/child-menu.php","meta":{"footnotes":""},"class_list":["post-87","page","type-page","status-publish","has-post-thumbnail","hentry"],"_links":{"self":[{"href":"https:\/\/speefak.spdns.de\/www.cc-trade.info\/wp-json\/wp\/v2\/pages\/87","targetHints":{"allow":["GET"]}}],"collection":[{"href":"https:\/\/speefak.spdns.de\/www.cc-trade.info\/wp-json\/wp\/v2\/pages"}],"about":[{"href":"https:\/\/speefak.spdns.de\/www.cc-trade.info\/wp-json\/wp\/v2\/types\/page"}],"author":[{"embeddable":true,"href":"https:\/\/speefak.spdns.de\/www.cc-trade.info\/wp-json\/wp\/v2\/users\/1"}],"replies":[{"embeddable":true,"href":"https:\/\/speefak.spdns.de\/www.cc-trade.info\/wp-json\/wp\/v2\/comments?post=87"}],"version-history":[{"count":0,"href":"https:\/\/speefak.spdns.de\/www.cc-trade.info\/wp-json\/wp\/v2\/pages\/87\/revisions"}],"wp:featuredmedia":[{"embeddable":true,"href":"https:\/\/speefak.spdns.de\/www.cc-trade.info\/wp-json\/wp\/v2\/media\/1382"}],"wp:attachment":[{"href":"https:\/\/speefak.spdns.de\/www.cc-trade.info\/wp-json\/wp\/v2\/media?parent=87"}],"curies":[{"name":"wp","href":"https:\/\/api.w.org\/{rel}","templated":true}]}}