{"id":67,"date":"2017-05-12T13:10:43","date_gmt":"2017-05-12T11:10:43","guid":{"rendered":"https:\/\/speefak.spdns.de\/www.cc-trade.info\/?page_id=67"},"modified":"2018-01-24T03:22:50","modified_gmt":"2018-01-24T02:22:50","slug":"charts-analysen","status":"publish","type":"page","link":"https:\/\/speefak.spdns.de\/www.cc-trade.info\/charts-analysen\/","title":{"rendered":"Charts &#038; Analysen"},"content":{"rendered":"<p><img loading=\"lazy\" decoding=\"async\" class=\"alignleft wp-image-1374\" src=\"https:\/\/speefak.spdns.de\/www.cc-trade.info\/wp-content\/uploads\/2018\/01\/Charts__Analysen.jpg\" alt=\"\" width=\"138\" height=\"65\" srcset=\"https:\/\/speefak.spdns.de\/www.cc-trade.info\/wp-content\/uploads\/2018\/01\/Charts__Analysen.jpg 845w, https:\/\/speefak.spdns.de\/www.cc-trade.info\/wp-content\/uploads\/2018\/01\/Charts__Analysen-150x71.jpg 150w, https:\/\/speefak.spdns.de\/www.cc-trade.info\/wp-content\/uploads\/2018\/01\/Charts__Analysen-160x76.jpg 160w, https:\/\/speefak.spdns.de\/www.cc-trade.info\/wp-content\/uploads\/2018\/01\/Charts__Analysen-768x364.jpg 768w, https:\/\/speefak.spdns.de\/www.cc-trade.info\/wp-content\/uploads\/2018\/01\/Charts__Analysen-300x142.jpg 300w, https:\/\/speefak.spdns.de\/www.cc-trade.info\/wp-content\/uploads\/2018\/01\/Charts__Analysen-520x245.jpg 520w, https:\/\/speefak.spdns.de\/www.cc-trade.info\/wp-content\/uploads\/2018\/01\/Charts__Analysen-720x340.jpg 720w\" sizes=\"auto, (max-width: 138px) 100vw, 138px\" \/>Die Grafische Darstellung von Kursen, Handelsvolumen etc. wird als Chart bezeichnet und bietet eine gute \u00dcbersicht f\u00fcr Kursverl\u00e4ufe, Handelsvolumen etc..<\/p>\n<p>&nbsp;<\/p>\n<p>Es gibt zahlreiche Webseiten zur Darstellung der Kurse und deren Charts. Folgende Webseiten stellen Kurse, Marktkapitalisierung und Handelsvolumen \u00fcbersichtlich und schnell dar :<\/p>\n<ul>\n<li><a href=\"https:\/\/cryptowatch.de\/\" target=\"_blank\" rel=\"noopener noreferrer\">Cryptowatch.de<\/a> (Kurse, Charts, Handelsvolumen )<\/li>\n<li><a href=\"https:\/\/coinmarketcap.com\/#EUR\" target=\"_blank\" rel=\"noopener noreferrer\">Coinmarketcap.com<\/a> ( Marktkapitalisierung, Kurse, Charts, Handelsvolumen )<\/li>\n<li><a href=\"https:\/\/www.coingecko.com\/de\" target=\"_blank\" rel=\"noopener noreferrer\">Coingecko.com<\/a> ( Marktkapitalisierung, Kurse, Charts, Handelsvolumen )<\/li>\n<li><a href=\"http:\/\/www.cryptocurrencychart.com\/\" target=\"_blank\" rel=\"noopener noreferrer\">Cryptocurrencychart.com<\/a> ( Marktkapitalisierung versch. Kryptow\u00e4hrungen )<\/li>\n<\/ul>\n<p>&nbsp;<\/p>\n<h3>Charts der Top\u00a010 Kryptow\u00e4hrungen<\/h3>\n<hr \/>\n<table style=\"height: 139px;\" width=\"1087\">\n<tbody>\n<tr>\n<td style=\"text-align: center;\">Bitcoin<\/td>\n<td style=\"text-align: center;\">Etherium<\/td>\n<td style=\"text-align: center;\">Ripple<\/td>\n<td style=\"text-align: center;\">Litecoin<\/td>\n<td style=\"text-align: center;\">New Economy Movement<\/td>\n<\/tr>\n<tr>\n<td style=\"text-align: center;\">BTC\/BTX<\/td>\n<td style=\"text-align: center;\">ETH<\/td>\n<td style=\"text-align: center;\">XRP<\/td>\n<td style=\"text-align: center;\">LTC<\/td>\n<td style=\"text-align: center;\">NEM<\/td>\n<\/tr>\n<tr>\n<td><img loading=\"lazy\" decoding=\"async\" class=\"aligncenter size-full\" src=\"https:\/\/files.coinmarketcap.com\/generated\/sparklines\/1.png\" width=\"164\" height=\"48\" \/><\/td>\n<td><img loading=\"lazy\" decoding=\"async\" class=\"aligncenter size-full\" src=\"https:\/\/files.coinmarketcap.com\/generated\/sparklines\/1027.png\" width=\"164\" height=\"48\" \/><\/td>\n<td><img loading=\"lazy\" decoding=\"async\" class=\"aligncenter size-full\" src=\"https:\/\/files.coinmarketcap.com\/generated\/sparklines\/52.png\" width=\"164\" height=\"48\" \/><\/td>\n<td><img decoding=\"async\" class=\"aligncenter\" src=\"https:\/\/files.coinmarketcap.com\/generated\/sparklines\/2.png\" \/><\/td>\n<td><img loading=\"lazy\" decoding=\"async\" class=\"aligncenter size-full\" src=\"https:\/\/files.coinmarketcap.com\/generated\/sparklines\/873.png\" width=\"164\" height=\"48\" \/><\/td>\n<\/tr>\n<\/tbody>\n<\/table>\n<hr \/>\n<table style=\"height: 139px;\" width=\"1087\">\n<tbody>\n<tr>\n<td style=\"text-align: center;\">DASH<\/td>\n<td style=\"text-align: center;\">Etherium Classic<\/td>\n<td style=\"text-align: center;\">Monero<\/td>\n<td style=\"text-align: center;\">\u00a0Stellar Lumens<\/td>\n<td style=\"text-align: center;\">Golem<\/td>\n<\/tr>\n<tr>\n<td style=\"text-align: center;\">DASH<\/td>\n<td style=\"text-align: center;\">ETC<\/td>\n<td style=\"text-align: center;\">XRM<\/td>\n<td style=\"text-align: center;\">XLM<\/td>\n<td style=\"text-align: center;\">GNT<\/td>\n<\/tr>\n<tr>\n<td><img loading=\"lazy\" decoding=\"async\" class=\"aligncenter size-full\" src=\"https:\/\/files.coinmarketcap.com\/generated\/sparklines\/131.png\" width=\"164\" height=\"48\" \/><\/td>\n<td><img loading=\"lazy\" decoding=\"async\" class=\"aligncenter size-full\" src=\"https:\/\/files.coinmarketcap.com\/generated\/sparklines\/1321.png\" width=\"164\" height=\"48\" \/><\/td>\n<td><img loading=\"lazy\" decoding=\"async\" class=\"alignnone size-full aligncenter\" src=\"https:\/\/files.coinmarketcap.com\/generated\/sparklines\/328.png\" width=\"164\" height=\"48\" \/><\/td>\n<td><img loading=\"lazy\" decoding=\"async\" class=\"size-full aligncenter\" src=\"https:\/\/files.coinmarketcap.com\/generated\/sparklines\/512.png\" width=\"164\" height=\"48\" \/><\/td>\n<td><img loading=\"lazy\" decoding=\"async\" class=\"alignnone size-full\" src=\"https:\/\/files.coinmarketcap.com\/generated\/sparklines\/1455.png\" width=\"164\" height=\"48\" \/><\/td>\n<\/tr>\n<\/tbody>\n<\/table>\n<p><script type=\"text\/javascript\" src=\"https:\/\/files.coinmarketcap.com\/static\/widget\/currency.js\"><\/script><\/p>\n<div class=\"coinmarketcap-currency-widget\" data-currency=\"bitcoin\" data-base=\"EUR\" data-secondary=\"\" data-ticker=\"true\" data-rank=\"true\" data-marketcap=\"true\" data-volume=\"true\" data-stats=\"EUR\" data-statsticker=\"false\"><\/div>\n<p><script type=\"text\/javascript\" src=\"https:\/\/files.coinmarketcap.com\/static\/widget\/currency.js\"><\/script><\/p>\n<div class=\"coinmarketcap-currency-widget\" data-currency=\"ethereum\" data-base=\"EUR\" data-secondary=\"\" data-ticker=\"true\" data-rank=\"true\" data-marketcap=\"true\" data-volume=\"true\" data-stats=\"EUR\" data-statsticker=\"true\"><\/div>\n<p><script type=\"text\/javascript\" src=\"https:\/\/files.coinmarketcap.com\/static\/widget\/currency.js\"><\/script><\/p>\n<div class=\"coinmarketcap-currency-widget\" data-currency=\"ripple\" data-base=\"EUR\" data-secondary=\"\" data-ticker=\"true\" data-rank=\"true\" data-marketcap=\"true\" data-volume=\"true\" data-stats=\"EUR\" data-statsticker=\"true\"><\/div>\n<p><script type=\"text\/javascript\" src=\"https:\/\/files.coinmarketcap.com\/static\/widget\/currency.js\"><\/script><\/p>\n<div class=\"coinmarketcap-currency-widget\" data-currency=\"nem\" data-base=\"EUR\" data-secondary=\"\" data-ticker=\"true\" data-rank=\"true\" data-marketcap=\"true\" data-volume=\"true\" data-stats=\"EUR\" data-statsticker=\"true\"><\/div>\n<p><script type=\"text\/javascript\" src=\"https:\/\/files.coinmarketcap.com\/static\/widget\/currency.js\"><\/script><\/p>\n<div class=\"coinmarketcap-currency-widget\" data-currency=\"ethereum-classic\" data-base=\"EUR\" data-secondary=\"\" data-ticker=\"true\" data-rank=\"true\" data-marketcap=\"true\" data-volume=\"true\" data-stats=\"EUR\" data-statsticker=\"true\"><\/div>\n<p><script type=\"text\/javascript\" src=\"https:\/\/files.coinmarketcap.com\/static\/widget\/currency.js\"><\/script><\/p>\n<div class=\"coinmarketcap-currency-widget\" data-currency=\"litecoin\" data-base=\"EUR\" data-secondary=\"\" data-ticker=\"true\" data-rank=\"true\" data-marketcap=\"true\" data-volume=\"true\" data-stats=\"EUR\" data-statsticker=\"true\"><\/div>\n<p><script type=\"text\/javascript\" src=\"https:\/\/files.coinmarketcap.com\/static\/widget\/currency.js\"><\/script><\/p>\n<div class=\"coinmarketcap-currency-widget\" data-currency=\"dash\" data-base=\"EUR\" data-secondary=\"\" data-ticker=\"true\" data-rank=\"true\" data-marketcap=\"true\" data-volume=\"true\" data-stats=\"EUR\" data-statsticker=\"true\"><\/div>\n<p><script type=\"text\/javascript\" src=\"https:\/\/files.coinmarketcap.com\/static\/widget\/currency.js\"><\/script><\/p>\n<div class=\"coinmarketcap-currency-widget\" data-currency=\"bitshares\" data-base=\"EUR\" data-secondary=\"\" data-ticker=\"true\" data-rank=\"true\" data-marketcap=\"true\" data-volume=\"true\" data-stats=\"EUR\" data-statsticker=\"true\"><\/div>\n<p><script type=\"text\/javascript\" src=\"https:\/\/files.coinmarketcap.com\/static\/widget\/currency.js\"><\/script><\/p>\n<div class=\"coinmarketcap-currency-widget\" data-currency=\"stratis\" data-base=\"EUR\" data-secondary=\"\" data-ticker=\"true\" data-rank=\"true\" data-marketcap=\"true\" data-volume=\"true\" data-stats=\"EUR\" data-statsticker=\"true\"><\/div>\n<p><script type=\"text\/javascript\" src=\"https:\/\/files.coinmarketcap.com\/static\/widget\/currency.js\"><\/script><\/p>\n<div class=\"coinmarketcap-currency-widget\" data-currency=\"monero\" data-base=\"EUR\" data-secondary=\"\" data-ticker=\"true\" data-rank=\"true\" data-marketcap=\"true\" data-volume=\"true\" data-stats=\"EUR\" data-statsticker=\"true\"><\/div>\n","protected":false},"excerpt":{"rendered":"<p>Die Grafische Darstellung von Kursen, Handelsvolumen etc. wird als Chart bezeichnet und bietet eine gute \u00dcbersicht f\u00fcr Kursverl\u00e4ufe, Handelsvolumen etc.. &nbsp; Es gibt zahlreiche Webseiten zur Darstellung der Kurse und deren Charts. Folgende Webseiten&#46;&#46;&#46;<\/p>\n","protected":false},"author":1,"featured_media":1374,"parent":0,"menu_order":7,"comment_status":"closed","ping_status":"closed","template":"page-templates\/child-menu.php","meta":{"footnotes":""},"class_list":["post-67","page","type-page","status-publish","has-post-thumbnail","hentry"],"_links":{"self":[{"href":"https:\/\/speefak.spdns.de\/www.cc-trade.info\/wp-json\/wp\/v2\/pages\/67","targetHints":{"allow":["GET"]}}],"collection":[{"href":"https:\/\/speefak.spdns.de\/www.cc-trade.info\/wp-json\/wp\/v2\/pages"}],"about":[{"href":"https:\/\/speefak.spdns.de\/www.cc-trade.info\/wp-json\/wp\/v2\/types\/page"}],"author":[{"embeddable":true,"href":"https:\/\/speefak.spdns.de\/www.cc-trade.info\/wp-json\/wp\/v2\/users\/1"}],"replies":[{"embeddable":true,"href":"https:\/\/speefak.spdns.de\/www.cc-trade.info\/wp-json\/wp\/v2\/comments?post=67"}],"version-history":[{"count":0,"href":"https:\/\/speefak.spdns.de\/www.cc-trade.info\/wp-json\/wp\/v2\/pages\/67\/revisions"}],"wp:featuredmedia":[{"embeddable":true,"href":"https:\/\/speefak.spdns.de\/www.cc-trade.info\/wp-json\/wp\/v2\/media\/1374"}],"wp:attachment":[{"href":"https:\/\/speefak.spdns.de\/www.cc-trade.info\/wp-json\/wp\/v2\/media?parent=67"}],"curies":[{"name":"wp","href":"https:\/\/api.w.org\/{rel}","templated":true}]}}