{"id":29,"date":"2019-07-31T14:27:01","date_gmt":"2019-07-31T12:27:01","guid":{"rendered":"http:\/\/192.168.1.100\/www.velo-nature.de\/?page_id=29"},"modified":"2019-07-31T14:28:42","modified_gmt":"2019-07-31T12:28:42","slug":"gnu-gpl-general-public-license","status":"publish","type":"page","link":"https:\/\/speefak.spdns.de\/www.bike2change.de\/rechtliches\/gnu-gpl-general-public-license\/","title":{"rendered":"GNU GPL &#8211; General Public License"},"content":{"rendered":"<p title=\"Sinn und Bezeichnetes (Semantik)\"><a href=\"http:\/\/itoss.org\/wp-content\/uploads\/2014\/02\/GNU-Logo_1.png\"><img loading=\"lazy\" decoding=\"async\" class=\"alignleft  wp-image-241\" alt=\"GNU-Logo_1\" src=\"http:\/\/itoss.org\/wp-content\/uploads\/2014\/02\/GNU-Logo_1.png\" width=\"66\" height=\"64\" \/><\/a><\/p>\n<p title=\"Sinn und Bezeichnetes (Semantik)\">Die GNU General Public License (auch <a href=\"https:\/\/www.gnu.org\/copyleft\/gpl.html\" target=\"_blank\" rel=\"noopener noreferrer\">GPL<\/a> oder <a href=\"https:\/\/www.gnu.org\/copyleft\/gpl.html\" target=\"_blank\" rel=\"noopener noreferrer\">GNU GPL<\/a>) ist die am weitesten verbreitete Software-Lizenz f\u00fcr freie Software, welche den Endnutzern (Privatpersonen, Organisationen, Firmen) die Freiheiten garantiert, die mit ihr lizenzierte Software nutzen, studieren, verbreiten (kopieren) und \u00e4ndern zu d\u00fcrfen. Software, die diese Freiheitsrechte gew\u00e4hrt, wird <a title=\"Freie Software\" href=\"https:\/\/de.wikipedia.org\/wiki\/Freie_Software\">Freie Software<\/a> genannt. Die Lizenz wurde urspr\u00fcnglich von <a title=\"Richard Stallman\" href=\"https:\/\/de.wikipedia.org\/wiki\/Richard_Stallman\">Richard Stallman<\/a> der <a title=\"Free Software Foundation\" href=\"https:\/\/www.fsf.org\/\" target=\"_blank\" rel=\"noopener noreferrer\">Free Software Foundation<\/a> (FSF) f\u00fcr das <a title=\"GNU-Projekt\" href=\"https:\/\/de.wikipedia.org\/wiki\/GNU-Projekt\">GNU-Projekt<\/a> geschrieben.  GNU ist ein Akronym und steht f\u00fcr <a title=\"GNU's Not Unix (Seite nicht vorhanden)\" href=\"https:\/\/de.wiktionary.org\/w\/index.php?title=GNU%27s_Not_Unix&amp;action=edit&amp;redlink=1\">GNU&#8217;s Not Unix<\/a>.<\/p>\n<p title=\"Sinn und Bezeichnetes (Semantik)\">Software unter der GPL-Lizenz darf f\u00fcr alle Zwecke ausgef\u00fchrt werden (auch kommerzielle Zwecke). Software, welche als Anwendungsprogramm unter einem GPL-lizenzierten Betriebssystem wie <a title=\"GNU\/Linux\" href=\"https:\/\/de.wikipedia.org\/wiki\/GNU\/Linux\">GNU\/Linux<\/a> l\u00e4uft, muss nicht zwangsweise unter GPL oder quelloffen vertrieben werden \u2013 die Lizenzierung ist nur von den verwendeten Bibliotheken und Software-Teilen abh\u00e4ngig (nicht von der unterliegenden Plattform):wenn z. B. ein Anwendungsprogramm nur eigene Software enth\u00e4lt, oder mit quelloffenen Software-Teilen kombiniert wird welche keinem strengen Copyleft unterliegen (also somit auch keine GPL-Teile), dann m\u00fcssen die eigenentwickelten Software-Teile nicht unter GPL oder quelloffen gelegt werden (selbst wenn das eingesetzte Betriebssystem unter GPL lizenziert ist). Nur bei der Realisierung von Software welche neue (eigene) Quellcode-Teile mit GPL-Teilen verbindet (und wenn diese Software verbreitet oder vertrieben wird), so muss der Quellcode den Nutzern (unter den gleichen Lizenzbedingungen: GPL) zug\u00e4nglich gemacht werden. Die <a title=\"GNU Lesser General Public License\" href=\"https:\/\/de.wikipedia.org\/wiki\/GNU_Lesser_General_Public_License\">GNU <i>Lesser<\/i> General Public License<\/a> (LGPL) wurde entwickelt um ein schw\u00e4cheres Copyleft als GPL zu haben: LGPL erfordert nicht, dass eigene entwickelte Code-Teile (welche LGPL-Teile nutzen, aber von ihnen unabh\u00e4ngig sind: z.B. lediglich Library-Aufruf) unter den gleichen Lizenzbedingungen zur Verf\u00fcgung gestellt werden m\u00fcssen.<\/p>\n<h4 title=\"Sinn und Bezeichnetes (Semantik)\"><\/h4>\n<h3>Free Software Foundation<\/h3>\n<p title=\"Sinn und Bezeichnetes (Semantik)\">Um dem GNU-Projekt einen logistischen, juristischen und finanziellen Rahmen zu geben, gr\u00fcndete Stallman 1985 die gemeinn\u00fctzige <a title=\"Free Software Foundation\" href=\"https:\/\/www.fsf.org\/\">Free Software Foundation<\/a> (FSF). Die FSF besch\u00e4ftigt auch Programmierer, um an GNU zu arbeiten, obwohl der wesentliche Teil der Arbeit von Freiwilligen geleistet wird. Als GNU bekannter wurde, begannen Unternehmen daran mitzuarbeiten. Sie entwickelten Programme, die sie unter der <a title=\"GNU General Public License\" href=\"https:\/\/de.wikipedia.org\/wiki\/GNU_General_Public_License\">GPL<\/a> ver\u00f6ffentlichten, wie z.B. den Gnome Desktop, begannen CDs mit Software zu verkaufen und Dienstleistungen rund um das System anzubieten. Eines der bekanntesten Unternehmen der fr\u00fcheren Zeit des Projekts war <a title=\"Cygnus Solutions\" href=\"https:\/\/en.wikipedia.org\/wiki\/Cygnus_Solutions\">Cygnus Solutions<\/a> ( das im Jahr 2000 mit <a href=\"http:\/\/de.redhat.com\/\">Red Hat inc.<\/a> fusionierte). Viele dieser Unternehmen unterst\u00fctzen die Free Software Foundation mit Geld oder anderen Spenden. Dazu geh\u00f6ren unter anderem <a title=\"IBM\" href=\"http:\/\/www.ibm.com\/de\/de\/\">IBM<\/a>, <a title=\"Google Inc.\" href=\"https:\/\/www.google.de\/intl\/de\/about\/company\/\">Google Inc.<\/a> und <a title=\"Hewlett-Packard\" href=\"http:\/\/www8.hp.com\/de\/de\/home.html\">HP<\/a>.<\/p>\n","protected":false},"excerpt":{"rendered":"<p>Die GNU General Public License (auch GPL oder GNU GPL) ist die am weitesten verbreitete Software-Lizenz f\u00fcr freie Software, welche den Endnutzern (Privatpersonen, Organisationen, Firmen) die Freiheiten garantiert, die mit ihr lizenzierte Software nutzen, studieren, verbreiten (kopieren) und \u00e4ndern zu d\u00fcrfen. Software, die diese Freiheitsrechte gew\u00e4hrt, wird Freie Software genannt. Die Lizenz wurde urspr\u00fcnglich von [&hellip;]<\/p>\n","protected":false},"author":2,"featured_media":0,"parent":33,"menu_order":7,"comment_status":"closed","ping_status":"closed","template":"","meta":{"footnotes":""},"class_list":["post-29","page","type-page","status-publish","czr-hentry"],"yoast_head":"<!-- This site is optimized with the Yoast SEO plugin v27.0 - https:\/\/yoast.com\/product\/yoast-seo-wordpress\/ -->\n<title>GNU GPL - General Public License - bike2change<\/title>\n<meta name=\"robots\" content=\"index, follow, max-snippet:-1, max-image-preview:large, max-video-preview:-1\" \/>\n<link rel=\"canonical\" href=\"https:\/\/speefak.spdns.de\/www.bike2change.de\/rechtliches\/gnu-gpl-general-public-license\/\" \/>\n<meta property=\"og:locale\" content=\"de_DE\" \/>\n<meta property=\"og:type\" content=\"article\" \/>\n<meta property=\"og:title\" content=\"GNU GPL - General Public License - bike2change\" \/>\n<meta property=\"og:description\" content=\"Die GNU General Public License (auch GPL oder GNU GPL) ist die am weitesten verbreitete Software-Lizenz f\u00fcr freie Software, welche den Endnutzern (Privatpersonen, Organisationen, Firmen) die Freiheiten garantiert, die mit ihr lizenzierte Software nutzen, studieren, verbreiten (kopieren) und \u00e4ndern zu d\u00fcrfen. Software, die diese Freiheitsrechte gew\u00e4hrt, wird Freie Software genannt. Die Lizenz wurde urspr\u00fcnglich von [&hellip;]\" \/>\n<meta property=\"og:url\" content=\"https:\/\/speefak.spdns.de\/www.bike2change.de\/rechtliches\/gnu-gpl-general-public-license\/\" \/>\n<meta property=\"og:site_name\" content=\"bike2change\" \/>\n<meta property=\"article:modified_time\" content=\"2019-07-31T12:28:42+00:00\" \/>\n<meta property=\"og:image\" content=\"http:\/\/itoss.org\/wp-content\/uploads\/2014\/02\/GNU-Logo_1.png\" \/>\n<meta name=\"twitter:card\" content=\"summary_large_image\" \/>\n<meta name=\"twitter:label1\" content=\"Gesch\u00e4tzte Lesezeit\" \/>\n\t<meta name=\"twitter:data1\" content=\"2\u00a0Minuten\" \/>\n<script type=\"application\/ld+json\" class=\"yoast-schema-graph\">{\"@context\":\"https:\/\/schema.org\",\"@graph\":[{\"@type\":\"WebPage\",\"@id\":\"https:\/\/speefak.spdns.de\/www.bike2change.de\/rechtliches\/gnu-gpl-general-public-license\/\",\"url\":\"https:\/\/speefak.spdns.de\/www.bike2change.de\/rechtliches\/gnu-gpl-general-public-license\/\",\"name\":\"GNU GPL - General Public License - bike2change\",\"isPartOf\":{\"@id\":\"https:\/\/speefak.spdns.de\/www.bike2change.de\/#website\"},\"primaryImageOfPage\":{\"@id\":\"https:\/\/speefak.spdns.de\/www.bike2change.de\/rechtliches\/gnu-gpl-general-public-license\/#primaryimage\"},\"image\":{\"@id\":\"https:\/\/speefak.spdns.de\/www.bike2change.de\/rechtliches\/gnu-gpl-general-public-license\/#primaryimage\"},\"thumbnailUrl\":\"http:\/\/itoss.org\/wp-content\/uploads\/2014\/02\/GNU-Logo_1.png\",\"datePublished\":\"2019-07-31T12:27:01+00:00\",\"dateModified\":\"2019-07-31T12:28:42+00:00\",\"breadcrumb\":{\"@id\":\"https:\/\/speefak.spdns.de\/www.bike2change.de\/rechtliches\/gnu-gpl-general-public-license\/#breadcrumb\"},\"inLanguage\":\"de\",\"potentialAction\":[{\"@type\":\"ReadAction\",\"target\":[\"https:\/\/speefak.spdns.de\/www.bike2change.de\/rechtliches\/gnu-gpl-general-public-license\/\"]}]},{\"@type\":\"ImageObject\",\"inLanguage\":\"de\",\"@id\":\"https:\/\/speefak.spdns.de\/www.bike2change.de\/rechtliches\/gnu-gpl-general-public-license\/#primaryimage\",\"url\":\"http:\/\/itoss.org\/wp-content\/uploads\/2014\/02\/GNU-Logo_1.png\",\"contentUrl\":\"http:\/\/itoss.org\/wp-content\/uploads\/2014\/02\/GNU-Logo_1.png\"},{\"@type\":\"BreadcrumbList\",\"@id\":\"https:\/\/speefak.spdns.de\/www.bike2change.de\/rechtliches\/gnu-gpl-general-public-license\/#breadcrumb\",\"itemListElement\":[{\"@type\":\"ListItem\",\"position\":1,\"name\":\"Startseite\",\"item\":\"https:\/\/speefak.spdns.de\/www.bike2change.de\/\"},{\"@type\":\"ListItem\",\"position\":2,\"name\":\"Rechtliches\",\"item\":\"https:\/\/speefak.spdns.de\/www.bike2change.de\/rechtliches\/\"},{\"@type\":\"ListItem\",\"position\":3,\"name\":\"GNU GPL &#8211; General Public License\"}]},{\"@type\":\"WebSite\",\"@id\":\"https:\/\/speefak.spdns.de\/www.bike2change.de\/#website\",\"url\":\"https:\/\/speefak.spdns.de\/www.bike2change.de\/\",\"name\":\"bike2change\",\"description\":\"Respect Nature - Expect Future\",\"publisher\":{\"@id\":\"https:\/\/speefak.spdns.de\/www.bike2change.de\/#organization\"},\"potentialAction\":[{\"@type\":\"SearchAction\",\"target\":{\"@type\":\"EntryPoint\",\"urlTemplate\":\"https:\/\/speefak.spdns.de\/www.bike2change.de\/?s={search_term_string}\"},\"query-input\":{\"@type\":\"PropertyValueSpecification\",\"valueRequired\":true,\"valueName\":\"search_term_string\"}}],\"inLanguage\":\"de\"},{\"@type\":\"Organization\",\"@id\":\"https:\/\/speefak.spdns.de\/www.bike2change.de\/#organization\",\"name\":\"bike2change\",\"url\":\"https:\/\/speefak.spdns.de\/www.bike2change.de\/\",\"logo\":{\"@type\":\"ImageObject\",\"inLanguage\":\"de\",\"@id\":\"https:\/\/speefak.spdns.de\/www.bike2change.de\/#\/schema\/logo\/image\/\",\"url\":\"https:\/\/speefak.spdns.de\/www.bike2change.de\/wp-content\/uploads\/2020\/05\/cropped-bike2change_browser_icon-1.png\",\"contentUrl\":\"https:\/\/speefak.spdns.de\/www.bike2change.de\/wp-content\/uploads\/2020\/05\/cropped-bike2change_browser_icon-1.png\",\"width\":511,\"height\":204,\"caption\":\"bike2change\"},\"image\":{\"@id\":\"https:\/\/speefak.spdns.de\/www.bike2change.de\/#\/schema\/logo\/image\/\"}}]}<\/script>\n<!-- \/ Yoast SEO plugin. -->","yoast_head_json":{"title":"GNU GPL - General Public License - bike2change","robots":{"index":"index","follow":"follow","max-snippet":"max-snippet:-1","max-image-preview":"max-image-preview:large","max-video-preview":"max-video-preview:-1"},"canonical":"https:\/\/speefak.spdns.de\/www.bike2change.de\/rechtliches\/gnu-gpl-general-public-license\/","og_locale":"de_DE","og_type":"article","og_title":"GNU GPL - General Public License - bike2change","og_description":"Die GNU General Public License (auch GPL oder GNU GPL) ist die am weitesten verbreitete Software-Lizenz f\u00fcr freie Software, welche den Endnutzern (Privatpersonen, Organisationen, Firmen) die Freiheiten garantiert, die mit ihr lizenzierte Software nutzen, studieren, verbreiten (kopieren) und \u00e4ndern zu d\u00fcrfen. Software, die diese Freiheitsrechte gew\u00e4hrt, wird Freie Software genannt. Die Lizenz wurde urspr\u00fcnglich von [&hellip;]","og_url":"https:\/\/speefak.spdns.de\/www.bike2change.de\/rechtliches\/gnu-gpl-general-public-license\/","og_site_name":"bike2change","article_modified_time":"2019-07-31T12:28:42+00:00","og_image":[{"url":"http:\/\/itoss.org\/wp-content\/uploads\/2014\/02\/GNU-Logo_1.png","type":"","width":"","height":""}],"twitter_card":"summary_large_image","twitter_misc":{"Gesch\u00e4tzte Lesezeit":"2\u00a0Minuten"},"schema":{"@context":"https:\/\/schema.org","@graph":[{"@type":"WebPage","@id":"https:\/\/speefak.spdns.de\/www.bike2change.de\/rechtliches\/gnu-gpl-general-public-license\/","url":"https:\/\/speefak.spdns.de\/www.bike2change.de\/rechtliches\/gnu-gpl-general-public-license\/","name":"GNU GPL - General Public License - bike2change","isPartOf":{"@id":"https:\/\/speefak.spdns.de\/www.bike2change.de\/#website"},"primaryImageOfPage":{"@id":"https:\/\/speefak.spdns.de\/www.bike2change.de\/rechtliches\/gnu-gpl-general-public-license\/#primaryimage"},"image":{"@id":"https:\/\/speefak.spdns.de\/www.bike2change.de\/rechtliches\/gnu-gpl-general-public-license\/#primaryimage"},"thumbnailUrl":"http:\/\/itoss.org\/wp-content\/uploads\/2014\/02\/GNU-Logo_1.png","datePublished":"2019-07-31T12:27:01+00:00","dateModified":"2019-07-31T12:28:42+00:00","breadcrumb":{"@id":"https:\/\/speefak.spdns.de\/www.bike2change.de\/rechtliches\/gnu-gpl-general-public-license\/#breadcrumb"},"inLanguage":"de","potentialAction":[{"@type":"ReadAction","target":["https:\/\/speefak.spdns.de\/www.bike2change.de\/rechtliches\/gnu-gpl-general-public-license\/"]}]},{"@type":"ImageObject","inLanguage":"de","@id":"https:\/\/speefak.spdns.de\/www.bike2change.de\/rechtliches\/gnu-gpl-general-public-license\/#primaryimage","url":"http:\/\/itoss.org\/wp-content\/uploads\/2014\/02\/GNU-Logo_1.png","contentUrl":"http:\/\/itoss.org\/wp-content\/uploads\/2014\/02\/GNU-Logo_1.png"},{"@type":"BreadcrumbList","@id":"https:\/\/speefak.spdns.de\/www.bike2change.de\/rechtliches\/gnu-gpl-general-public-license\/#breadcrumb","itemListElement":[{"@type":"ListItem","position":1,"name":"Startseite","item":"https:\/\/speefak.spdns.de\/www.bike2change.de\/"},{"@type":"ListItem","position":2,"name":"Rechtliches","item":"https:\/\/speefak.spdns.de\/www.bike2change.de\/rechtliches\/"},{"@type":"ListItem","position":3,"name":"GNU GPL &#8211; General Public License"}]},{"@type":"WebSite","@id":"https:\/\/speefak.spdns.de\/www.bike2change.de\/#website","url":"https:\/\/speefak.spdns.de\/www.bike2change.de\/","name":"bike2change","description":"Respect Nature - Expect Future","publisher":{"@id":"https:\/\/speefak.spdns.de\/www.bike2change.de\/#organization"},"potentialAction":[{"@type":"SearchAction","target":{"@type":"EntryPoint","urlTemplate":"https:\/\/speefak.spdns.de\/www.bike2change.de\/?s={search_term_string}"},"query-input":{"@type":"PropertyValueSpecification","valueRequired":true,"valueName":"search_term_string"}}],"inLanguage":"de"},{"@type":"Organization","@id":"https:\/\/speefak.spdns.de\/www.bike2change.de\/#organization","name":"bike2change","url":"https:\/\/speefak.spdns.de\/www.bike2change.de\/","logo":{"@type":"ImageObject","inLanguage":"de","@id":"https:\/\/speefak.spdns.de\/www.bike2change.de\/#\/schema\/logo\/image\/","url":"https:\/\/speefak.spdns.de\/www.bike2change.de\/wp-content\/uploads\/2020\/05\/cropped-bike2change_browser_icon-1.png","contentUrl":"https:\/\/speefak.spdns.de\/www.bike2change.de\/wp-content\/uploads\/2020\/05\/cropped-bike2change_browser_icon-1.png","width":511,"height":204,"caption":"bike2change"},"image":{"@id":"https:\/\/speefak.spdns.de\/www.bike2change.de\/#\/schema\/logo\/image\/"}}]}},"_links":{"self":[{"href":"https:\/\/speefak.spdns.de\/www.bike2change.de\/wp-json\/wp\/v2\/pages\/29","targetHints":{"allow":["GET"]}}],"collection":[{"href":"https:\/\/speefak.spdns.de\/www.bike2change.de\/wp-json\/wp\/v2\/pages"}],"about":[{"href":"https:\/\/speefak.spdns.de\/www.bike2change.de\/wp-json\/wp\/v2\/types\/page"}],"author":[{"embeddable":true,"href":"https:\/\/speefak.spdns.de\/www.bike2change.de\/wp-json\/wp\/v2\/users\/2"}],"replies":[{"embeddable":true,"href":"https:\/\/speefak.spdns.de\/www.bike2change.de\/wp-json\/wp\/v2\/comments?post=29"}],"version-history":[{"count":0,"href":"https:\/\/speefak.spdns.de\/www.bike2change.de\/wp-json\/wp\/v2\/pages\/29\/revisions"}],"up":[{"embeddable":true,"href":"https:\/\/speefak.spdns.de\/www.bike2change.de\/wp-json\/wp\/v2\/pages\/33"}],"wp:attachment":[{"href":"https:\/\/speefak.spdns.de\/www.bike2change.de\/wp-json\/wp\/v2\/media?parent=29"}],"curies":[{"name":"wp","href":"https:\/\/api.w.org\/{rel}","templated":true}]}}