{"id":8185,"date":"2025-03-24T19:32:28","date_gmt":"2025-03-24T18:32:28","guid":{"rendered":"https:\/\/speefak.spdns.de\/oss_lifestyle\/?page_id=8185"},"modified":"2025-03-24T20:10:55","modified_gmt":"2025-03-24T19:10:55","slug":"proxmox-ve","status":"publish","type":"page","link":"https:\/\/speefak.spdns.de\/oss_lifestyle\/themen\/proxmox-ve\/","title":{"rendered":"Proxmox VE"},"content":{"rendered":"<style type='text\/css' media='all'>#rt-tpg-container-2039057385 .rt-holder .rt-woo-info .price{color:#f4f4f4;}body .rt-tpg-container .rt-tpg-isotope-buttons .selected,\n\t\t\t\t\t#rt-tpg-container-2039057385 .layout12 .rt-holder:hover .rt-detail,\n\t\t\t\t\t#rt-tpg-container-2039057385 .isotope8 .rt-holder:hover .rt-detail,\n\t\t\t\t\t#rt-tpg-container-2039057385 .carousel8 .rt-holder:hover .rt-detail,\n\t\t\t\t\t#rt-tpg-container-2039057385 .layout13 .rt-holder .overlay .post-info,\n\t\t\t\t\t#rt-tpg-container-2039057385 .isotope9 .rt-holder .overlay .post-info,\n\t\t\t\t\t#rt-tpg-container-2039057385.rt-tpg-container .layout4 .rt-holder .rt-detail,\n\t\t\t\t\t.rt-modal-2039057385 .md-content,\n\t\t\t\t\t.rt-modal-2039057385 .md-content > .rt-md-content-holder .rt-md-content,\n\t\t\t\t\t.rt-popup-wrap-2039057385.rt-popup-wrap .rt-popup-navigation-wrap,\n\t\t\t\t\t#rt-tpg-container-2039057385 .carousel9 .rt-holder .overlay .post-info{background-color:#f4f4f4;}#rt-tpg-container-2039057385 .layout5 .rt-holder .overlay, #rt-tpg-container-2039057385 .isotope2 .rt-holder .overlay, #rt-tpg-container-2039057385 .carousel2 .rt-holder .overlay,#rt-tpg-container-2039057385 .layout15 .rt-holder h3, #rt-tpg-container-2039057385 .isotope11 .rt-holder h3, #rt-tpg-container-2039057385 .carousel11 .rt-holder h3, #rt-tpg-container-2039057385 .layout16 .rt-holder h3,\n\t\t\t\t\t#rt-tpg-container-2039057385 .isotope12 .rt-holder h3, #rt-tpg-container-2039057385 .carousel12 .rt-holder h3 {background-color:rgba(244,244,244,0.8);}#rt-tpg-container-2039057385 .pagination-list li a,\n\t\t\t\t\trt-tpg-container-2039057385 .pagination-list li span,\n\t\t\t\t\trt-tpg-container-2039057385 .pagination li a,\n\t\t\t\t\t#rt-tpg-container-2039057385 .rt-tpg-isotope-buttons button,\n\t\t\t\t\t#rt-tpg-container-2039057385 .rt-tpg-utility .rt-tpg-load-more button,\n\t\t\t\t\t#rt-tpg-container-2039057385.rt-tpg-container .swiper-navigation .slider-btn,\n\t\t\t\t\t#rt-tpg-container-2039057385.rt-tpg-container .swiper-pagination-bullet,\n\t\t\t\t\t#rt-tpg-container-2039057385 .wc1 .rt-holder .rt-img-holder .overlay .product-more ul li a,\n\t\t\t\t\t#rt-tpg-container-2039057385 .wc2 .rt-detail .rt-wc-add-to-cart,\n\t\t\t\t\t#rt-tpg-container-2039057385 .wc3 .rt-detail .rt-wc-add-to-cart,\n\t\t\t\t\t#rt-tpg-container-2039057385 .wc4 .rt-detail .rt-wc-add-to-cart,\n\t\t\t\t\t#rt-tpg-container-2039057385 .wc-carousel2 .rt-detail .rt-wc-add-to-cart,\n\t\t\t\t\t#rt-tpg-container-2039057385 .wc-isotope2 .rt-detail .rt-wc-add-to-cart,\n\t\t\t\t\t#rt-tpg-container-2039057385 .rt-layout-filter-container .rt-filter-wrap .rt-filter-item-wrap.rt-filter-dropdown-wrap .rt-filter-dropdown,\n\t\t\t\t\t#rt-tpg-container-2039057385 .rt-layout-filter-container .rt-filter-sub-tax.sub-button-group .rt-filter-button-item,\n\t\t\t\t\t#rt-tpg-container-2039057385.rt-tpg-container .rt-pagination-wrap .rt-page-numbers .paginationjs .paginationjs-pages ul li>a,\n\t\t\t\t\t#rt-tpg-container-2039057385 .rt-filter-item-wrap.rt-filter-button-wrap span.rt-filter-button-item,\n\t\t\t\t\t#rt-tpg-container-2039057385.rt-tpg-container .rt-pagination-wrap  .rt-loadmore-btn,\n\t\t\t\t\t#rt-tpg-container-2039057385.rt-tpg-container .rt-pagination-wrap .rt-cb-page-prev-next > *,\n\t\t\t\t\t#rt-tpg-container-2039057385 .rt-read-more,\n\t\t\t\t\t#rt-tooltip-2039057385, #rt-tooltip-2039057385 .rt-tooltip-bottom:after{background-color:#dd9933;}#rt-tpg-container-2039057385 .rt-filter-item-wrap.rt-filter-button-wrap span.rt-filter-button-item,\n\t\t\t\t\t#rt-tpg-container-2039057385 .rt-layout-filter-container .rt-filter-sub-tax.sub-button-group .rt-filter-button-item{border-color:#dd9933;}#rt-tpg-container-2039057385.rt-tpg-container .layout17 .rt-holder .overlay a.tpg-zoom .fa{color:#dd9933;}#rt-tpg-container-2039057385 .rt-holder .read-more a {background-color:#dd9933;padding: 8px 15px;}#rt-tpg-container-2039057385 .pagination li.active span,\n\t\t\t\t\t#rt-tpg-container-2039057385 .pagination-list li.active span,\n\t\t\t\t\t#rt-tpg-container-2039057385 .rt-tpg-isotope-buttons button.selected,\n\t\t\t\t\t#rt-tpg-container-2039057385 .rt-filter-item-wrap.rt-filter-button-wrap span.rt-filter-button-item.selected,\n\t\t\t\t\t#rt-tpg-container-2039057385 .rt-layout-filter-container .rt-filter-sub-tax.sub-button-group .rt-filter-button-item.selected,\n\t\t\t\t\t#rt-tpg-container-2039057385.rt-tpg-container .rt-pagination-wrap .rt-page-numbers .paginationjs .paginationjs-pages ul li.active>a,\n\t\t\t\t\t#rt-tpg-container-2039057385.rt-tpg-container .swiper-pagination-bullet.swiper-pagination-bullet-active-main{background-color:#d37700;}#rt-tpg-container-2039057385 .rt-filter-item-wrap.rt-filter-button-wrap span.rt-filter-button-item.selected,\n\t\t\t\t\t#rt-tpg-container-2039057385 .rt-layout-filter-container .rt-filter-sub-tax.sub-button-group .rt-filter-button-item.selected,\n\t\t\t\t\t#rt-tpg-container-2039057385.rt-tpg-container .rt-pagination-wrap .rt-page-numbers .paginationjs .paginationjs-pages ul li.active>a{border-color:#d37700;}#rt-tpg-container-2039057385 .pagination-list li a:hover,\n\t\t\t\t\t#rt-tpg-container-2039057385 .pagination li a:hover,\n\t\t\t\t\t#rt-tpg-container-2039057385 .rt-tpg-isotope-buttons button:hover,\n\t\t\t\t\t#rt-tpg-container-2039057385 .rt-holder .read-more a:hover,\n\t\t\t\t\t#rt-tpg-container-2039057385 .rt-tpg-utility .rt-tpg-load-more button:hover,\n\t\t\t\t\t#rt-tpg-container-2039057385.rt-tpg-container .swiper-pagination-bullet:hover,\n\t\t\t\t\t#rt-tpg-container-2039057385.rt-tpg-container .swiper-navigation .slider-btn:hover,\n\t\t\t\t\t#rt-tpg-container-2039057385 .wc1 .rt-holder .rt-img-holder .overlay .product-more ul li a:hover,\n\t\t\t\t\t#rt-tpg-container-2039057385 .wc2 .rt-detail .rt-wc-add-to-cart:hover,\n\t\t\t\t\t#rt-tpg-container-2039057385 .wc3 .rt-detail .rt-wc-add-to-cart:hover,\n\t\t\t\t\t#rt-tpg-container-2039057385 .wc4 .rt-detail .rt-wc-add-to-cart:hover,\n\t\t\t\t\t#rt-tpg-container-2039057385 .wc-carousel2 .rt-detail .rt-wc-add-to-cart:hover,\n\t\t\t\t\t#rt-tpg-container-2039057385 .wc-isotope2 .rt-detail .rt-wc-add-to-cart:hover,\n\t\t\t\t\t#rt-tpg-container-2039057385 .rt-layout-filter-container .rt-filter-wrap .rt-filter-item-wrap.rt-filter-dropdown-wrap .rt-filter-dropdown .rt-filter-dropdown-item:hover,\n\t\t\t\t\t#rt-tpg-container-2039057385 .rt-layout-filter-container .rt-filter-wrap .rt-filter-item-wrap.rt-filter-dropdown-wrap .rt-filter-dropdown .rt-filter-dropdown-item.selected,\n\t\t\t\t\t#rt-tpg-container-2039057385 .rt-filter-item-wrap.rt-filter-button-wrap span.rt-filter-button-item:hover,\n\t\t\t\t\t#rt-tpg-container-2039057385 .rt-layout-filter-container .rt-filter-sub-tax.sub-button-group .rt-filter-button-item:hover,\n\t\t\t\t\t#rt-tpg-container-2039057385.rt-tpg-container .rt-pagination-wrap .rt-page-numbers .paginationjs .paginationjs-pages ul li>a:hover,\n\t\t\t\t\t#rt-tpg-container-2039057385.rt-tpg-container .rt-pagination-wrap .rt-cb-page-prev-next > *:hover,\n\t\t\t\t\t#rt-tpg-container-2039057385.rt-tpg-container .rt-pagination-wrap  .rt-loadmore-btn:hover,\n\t\t\t\t\t#rt-tpg-container-2039057385 .rt-read-more:hover,\n\t\t\t\t\t#rt-tpg-container-2039057385 .rt-tpg-utility .rt-tpg-load-more button:hover{background-color:#ddcea1;}#rt-tpg-container-2039057385 .rt-filter-item-wrap.rt-filter-button-wrap span.rt-filter-button-item:hover,\n\t\t\t\t\t\t#rt-tpg-container-2039057385 .rt-layout-filter-container .rt-filter-sub-tax.sub-button-group .rt-filter-button-item:hover,\n\t\t\t\t\t\t#rt-tpg-container-2039057385.rt-tpg-container .swiper-navigation .slider-btn:hover,\n\t\t\t\t\t\t#rt-tpg-container-2039057385.rt-tpg-container .rt-pagination-wrap .rt-page-numbers .paginationjs .paginationjs-pages ul li>a:hover{border-color:#ddcea1;}#rt-tpg-container-2039057385.rt-tpg-container .layout17 .rt-holder .overlay a.tpg-zoom:hover .fa{color:#ddcea1;}#rt-tpg-container-2039057385 .pagination-list li a,\n\t\t\t\t\t#rt-tpg-container-2039057385 .pagination li a,\n\t\t\t\t\t#rt-tpg-container-2039057385 .rt-tpg-isotope-buttons button,\n\t\t\t\t\t#rt-tpg-container-2039057385 .rt-holder .read-more a,\n\t\t\t\t\t#rt-tpg-container-2039057385 .rt-tpg-utility .rt-tpg-load-more button,\n\t\t\t\t\t#rt-tpg-container-2039057385.rt-tpg-container .swiper-navigation .slider-btn,\n\t\t\t\t\t#rt-tpg-container-2039057385 .wc1 .rt-holder .rt-img-holder .overlay .product-more ul li a,\n\t\t\t\t\t#rt-tpg-container-2039057385 .edd1 .rt-holder .rt-img-holder .overlay .product-more ul li a,\n\t\t\t\t\t#rt-tpg-container-2039057385 .wc2 .rt-detail .rt-wc-add-to-cart,\n\t\t\t\t\t#rt-tpg-container-2039057385 .wc3 .rt-detail .rt-wc-add-to-cart,\n\t\t\t\t\t#rt-tpg-container-2039057385 .edd2 .rt-detail .rt-wc-add-to-cart,\n\t\t\t\t\t#rt-tpg-container-2039057385 .wc4 .rt-detail .rt-wc-add-to-cart,\n\t\t\t\t\t#rt-tpg-container-2039057385 .edd3 .rt-detail .rt-wc-add-to-cart,\n\t\t\t\t\t#rt-tpg-container-2039057385 .wc-carousel2 .rt-detail .rt-wc-add-to-cart,\n\t\t\t\t\t#rt-tpg-container-2039057385 .wc-isotope2 .rt-detail .rt-wc-add-to-cart,\n\t\t\t\t\t#rt-tpg-container-2039057385 .rt-tpg-utility .rt-tpg-load-more button,\n\t\t\t\t\t#rt-tooltip-2039057385,\n\t\t\t\t\t#rt-tpg-container-2039057385 .rt-filter-item-wrap.rt-filter-button-wrap span.rt-filter-button-item,\n\t\t\t\t\t#rt-tpg-container-2039057385 .rt-layout-filter-container .rt-filter-sub-tax.sub-button-group .rt-filter-button-item,\n\t\t\t\t\t#rt-tpg-container-2039057385 .rt-layout-filter-container .rt-filter-wrap .rt-filter-item-wrap.rt-sort-order-action,\n\t\t\t\t\t#rt-tpg-container-2039057385 .rt-layout-filter-container .rt-filter-wrap .rt-filter-item-wrap.rt-filter-dropdown-wrap .rt-filter-dropdown .rt-filter-dropdown-item,\n\t\t\t\t\t#rt-tpg-container-2039057385.rt-tpg-container .rt-pagination-wrap .rt-page-numbers .paginationjs .paginationjs-pages ul li>a,\n\t\t\t\t\t#rt-tpg-container-2039057385.rt-tpg-container .rt-pagination-wrap .rt-cb-page-prev-next > *,\n\t\t\t\t\t#rt-tpg-container-2039057385.rt-tpg-container .rt-pagination-wrap  .rt-loadmore-btn,\n\t\t\t\t\t#rt-tpg-container-2039057385 .rt-read-more,\n\t\t\t\t\t#rt-tooltip-2039057385 .rt-tooltip-bottom:after{color:#020202;}#rt-tpg-container-2039057385 .rt-filter-item-wrap.rt-filter-button-wrap span.rt-filter-button-item:hover,\n\t\t\t\t\t#rt-tpg-container-2039057385 .rt-holder .read-more a:hover,\n\t\t\t\t\t#rt-tpg-container-2039057385.rt-tpg-container .swiper-navigation .slider-btn:hover,\n\t\t\t\t\t#rt-tpg-container-2039057385 .rt-layout-filter-container .rt-filter-sub-tax.sub-button-group .rt-filter-button-item:hover,\n\t\t\t\t\t#rt-tpg-container-2039057385 .rt-layout-filter-container .rt-filter-wrap .rt-filter-item-wrap.rt-filter-dropdown-wrap .rt-filter-dropdown .rt-filter-dropdown-item:hover,\n\t\t\t\t\t#rt-tpg-container-2039057385 .rt-layout-filter-container .rt-filter-wrap .rt-filter-item-wrap.rt-filter-dropdown-wrap .rt-filter-dropdown .rt-filter-dropdown-item.selected,\n\t\t\t\t\t#rt-tpg-container-2039057385 .rt-layout-filter-container .rt-filter-wrap .rt-filter-item-wrap.rt-sort-order-action:hover,\n\t\t\t\t\t#rt-tpg-container-2039057385.rt-tpg-container .rt-pagination-wrap .rt-page-numbers .paginationjs .paginationjs-pages ul li.active>a:hover,\n\t\t\t\t\t#rt-tpg-container-2039057385 .rt-filter-item-wrap.rt-filter-button-wrap span.rt-filter-button-item.selected,\n\t\t\t\t\t#rt-tpg-container-2039057385 .rt-layout-filter-container .rt-filter-wrap .rt-filter-item-wrap.rt-sort-order-action,\n\t\t\t\t\t#rt-tpg-container-2039057385.rt-tpg-container .rt-pagination-wrap  .rt-loadmore-btn:hover,\n\t\t\t\t\t#rt-tpg-container-2039057385 .rt-read-more:hover,\n\t\t\t\t\t#rt-tpg-container-2039057385.rt-tpg-container .rt-pagination-wrap .rt-page-numbers .paginationjs .paginationjs-pages ul li.active>a{color:#020202;}#rt-tpg-container-2039057385 .read-more a{border-radius:px;}#rt-tpg-container-2039057385 .rt-img-holder img.rt-img-responsive,#rt-tpg-container-2039057385 .rt-img-holder,\n\t\t\t\t\t#rt-tpg-container-2039057385 .rt-post-overlay .post-img,\n\t\t\t\t\t#rt-tpg-container-2039057385 .post-sm .post-img,\n\t\t\t\t\t#rt-tpg-container-2039057385 .rt-post-grid .post-img,\n\t\t\t\t\t#rt-tpg-container-2039057385 .post-img img {border-radius:px;}#rt-tpg-container-2039057385 .layout12 .rt-holder h2.entry-title,\n\t\t\t\t\t#rt-tpg-container-2039057385 .layout12 .rt-holder h3.entry-title,\n\t\t\t\t\t#rt-tpg-container-2039057385 .layout12 .rt-holder h4.entry-title,\n\t\t\t\t\t#rt-tpg-container-2039057385 .layout12 .rt-holder h2.entry-title a,\n\t\t\t\t\t#rt-tpg-container-2039057385 .layout12 .rt-holder h3.entry-title a,\n\t\t\t\t\t#rt-tpg-container-2039057385 .layout12 .rt-holder h4.entry-title a,\n\t\t\t\t\t#rt-tpg-container-2039057385 .rt-holder .rt-woo-info h2 a,\n\t\t\t\t\t#rt-tpg-container-2039057385 .rt-holder .rt-woo-info h3 a,\n\t\t\t\t\t#rt-tpg-container-2039057385 .rt-holder .rt-woo-info h4 a,\n\t\t\t\t\t#rt-tpg-container-2039057385 .post-content .post-title,\n\t\t\t\t\t#rt-tpg-container-2039057385 .rt-post-grid .post-title,\n\t\t\t\t\t#rt-tpg-container-2039057385 .rt-post-grid .post-title a,\n\t\t\t\t\t#rt-tpg-container-2039057385 .post-content .post-title a,\n\t\t\t\t\t#rt-tpg-container-2039057385 .rt-holder .rt-woo-info h2,\n\t\t\t\t\t#rt-tpg-container-2039057385 .rt-holder .rt-woo-info h3,\n\t\t\t\t\t#rt-tpg-container-2039057385 .rt-holder .rt-woo-info h4{color:#fdb431;}#rt-tpg-container-2039057385 .layout12 .rt-holder h2.entry-title:hover,\n\t\t\t\t\t#rt-tpg-container-2039057385 .layout12 .rt-holder h3.entry-title:hover,\n\t\t\t\t\t#rt-tpg-container-2039057385 .layout12 .rt-holder h4.entry-title:hover,\n\t\t\t\t\t#rt-tpg-container-2039057385 .layout12 .rt-holder h2.entry-title a:hover,\n\t\t\t\t\t#rt-tpg-container-2039057385 .layout12 .rt-holder h3.entry-title a:hover,\n\t\t\t\t\t#rt-tpg-container-2039057385 .layout12 .rt-holder h4.entry-title a:hover,\n\t\t\t\t\t#rt-tpg-container-2039057385 .post-content .post-title a:hover,\n\t\t\t\t\t#rt-tpg-container-2039057385 .rt-post-grid .post-title a:hover,\n\t\t\t\t\t#rt-tpg-container-2039057385 .rt-holder .rt-woo-info h2 a:hover,\n\t\t\t\t\t#rt-tpg-container-2039057385 .rt-holder .rt-woo-info h3 a:hover,\n\t\t\t\t\t#rt-tpg-container-2039057385 .rt-holder .rt-woo-info h4 a:hover,\n\t\t\t\t\t#rt-tpg-container-2039057385 .rt-holder .rt-woo-info h2:hover,\n\t\t\t\t\t#rt-tpg-container-2039057385 .rt-holder .rt-woo-info h3:hover,\n\t\t\t\t\t#rt-tpg-container-2039057385 .rt-holder .rt-woo-info h4:hover{color:#dd8500 !important;}#rt-tpg-container-2039057385 .layout12 .rt-holder .tpg-excerpt,#rt-tpg-container-2039057385 .layout12 .tpg-excerpt,#rt-tpg-container-2039057385 .layout12 .rt-holder .post-content,#rt-tpg-container-2039057385 .rt-holder .rt-woo-info p,#rt-tpg-container-2039057385 .post-content p {color:#020202;}#rt-tpg-container-2039057385 .layout12 .rt-holder .post-meta-user,\n\t\t\t\t\t#rt-tpg-container-2039057385 .layout12 .rt-meta,\n\t\t\t\t\t#rt-tpg-container-2039057385 .layout12 .rt-meta a,\n\t\t\t\t\t#rt-tpg-container-2039057385 .layout12 .rt-holder .post-meta-user .meta-data,\n\t\t\t\t\t#rt-tpg-container-2039057385 .layout12 .rt-holder .post-meta-user a,\n\t\t\t\t\t#rt-tpg-container-2039057385 .layout12 .rt-holder .rt-detail .post-meta .rt-tpg-social-share,\n\t\t\t\t\t#rt-tpg-container-2039057385 .rt-post-overlay .post-meta-user span,\n\t\t\t\t\t#rt-tpg-container-2039057385 .rt-post-overlay .post-meta-user,\n\t\t\t\t\t#rt-tpg-container-2039057385 .rt-post-overlay .post-meta-user a,\n\t\t\t\t\t#rt-tpg-container-2039057385 .rt-post-grid .post-meta-user,\n\t\t\t\t\t#rt-tpg-container-2039057385 .rt-post-grid .post-meta-user a,\n\t\t\t\t\t#rt-tpg-container-2039057385 .rt-post-box-media-style .post-meta-user,\n\t\t\t\t\t#rt-tpg-container-2039057385 .rt-post-box-media-style .post-meta-user a,\n\t\t\t\t\t#rt-tpg-container-2039057385 .layout12 .post-meta-user i,\n\t\t\t\t\t#rt-tpg-container-2039057385 .rt-detail .post-meta-category a,\n\t\t\t\t\t#rt-tpg-container-2039057385 .layout12 .post-meta-user a\n\t\t\t\t\t#rt-tpg-container-2039057385 .layout12 .post-meta-user a {color:#020202;}<\/style><div class='rt-container-fluid rt-tpg-container tpg-shortcode-main-wrapper  loading' id='rt-tpg-container-2039057385'   data-layout='layout12' data-grid-style='even' data-desktop-col='3'  data-tab-col='2'  data-mobile-col='1' data-sc-id='8186'><div id=\"bottom-script-loader\" class=\"bottom-script-loader\"><div class=\"rt-ball-clip-rotate\"><div><\/div><\/div><\/div><div data-title='Loading ...' class='rt-row rt-content-loader   layout12 tpg-even '><div class=\"rt-col-md-4 rt-col-sm-6 rt-col-xs-12 even-grid-item rt-grid-item\" data-id=\"8594\"><div class=\"rt-holder\"><div class='rt-detail'><h3 class=\"entry-title\"><a data-id=\"8594\" class=\"\" href=\"https:\/\/speefak.spdns.de\/oss_lifestyle\/proxmox-host-verzeichnisse-mit-virtiofs-in-vms-einbinden\/\">Proxmox: Host-Verzeichnisse mit Virtiofs in VMs einbinden<\/a><\/h3><div class='tpg-excerpt'>Virtiofs ist eine moderne und performante Methode, um Verzeichnisse direkt vom Proxmox-Host in virtuelle Maschinen einzubinden. Im Gegensatz zu klassischen Netzwerkdateisystemen wie NFS oder SSHFS erfolgt der Zugriff lokal \u00fcber den Hypervisor, ohne Netzwerk-Stack und ohne zus\u00e4tzliche Dienste. Dadurch eignet sich virtiofs besonders f\u00fcr High-Performance-Dateifreigaben zwischen Host und VM,\u00a0in denen...<\/div><\/div><\/div><\/div><div class=\"rt-col-md-4 rt-col-sm-6 rt-col-xs-12 even-grid-item rt-grid-item\" data-id=\"8020\"><div class=\"rt-holder\"><div class='rt-detail'><h3 class=\"entry-title\"><a data-id=\"8020\" class=\"\" href=\"https:\/\/speefak.spdns.de\/oss_lifestyle\/proxmox-vm-namen-aendern\/\">Proxmox: VM-Namen  \u00e4ndern<\/a><\/h3><div class='tpg-excerpt'>Die Proxmox-Weboberfl\u00e4che bietet eine schnelle M\u00f6glichkeit, den Display-Namen der VM zu \u00e4ndern, w\u00e4hrend die manuelle Methode \u00fcber die Konfigurationsdatei eine vollst\u00e4ndige \u00c4nderung des internen Namens erm\u00f6glicht. Je nach Bedarf und Pr\u00e4ferenz kann eine der beiden Methoden verwendet werden. 1. VM-Namen \u00fcber die Proxmox-Weboberfl\u00e4che \u00e4ndern Die \u00c4nderung des Namens einer VM...<\/div><\/div><\/div><\/div><div class=\"rt-col-md-4 rt-col-sm-6 rt-col-xs-12 even-grid-item rt-grid-item\" data-id=\"8013\"><div class=\"rt-holder\"><div class='rt-detail'><h3 class=\"entry-title\"><a data-id=\"8013\" class=\"\" href=\"https:\/\/speefak.spdns.de\/oss_lifestyle\/proxmox-subscription-warnung-deaktivieren-proxmox-version-8-3-4\/\">Proxmox: Subscription-Warnung deaktivieren  ( Version 8.3.4 )<\/a><\/h3><div class='tpg-excerpt'>Zuerst wird ein Backup der Originaldatei (\/usr\/share\/javascript\/proxmox-widget-toolkit\/proxmoxlib.js) erstellt, um im Falle eines Fehlers auf die vorherige Version zur\u00fcckgreifen zu k\u00f6nnen. Anschlie\u00dfend wird mithilfe von sed das erste Vorkommen, der f\u00fcr die Anzeige der Subscription-Meldung verantwortliche String Ext.Msg.show({ durch void({ \/\/Ext.Msg.show ersetzt und gleichzeitig ein Zeilenumbruch eingef\u00fcgt. Dies sorgt daf\u00fcr, dass...<\/div><\/div><\/div><\/div><div class=\"rt-col-md-4 rt-col-sm-6 rt-col-xs-12 even-grid-item rt-grid-item\" data-id=\"8011\"><div class=\"rt-holder\"><div class='rt-detail'><h3 class=\"entry-title\"><a data-id=\"8011\" class=\"\" href=\"https:\/\/speefak.spdns.de\/oss_lifestyle\/proxmox-netzwerk-bridge-mit-dhcp-konfiguration\/\">Proxmox: Netzwerk Bridge mit DHCP-Konfiguration<\/a><\/h3><div class='tpg-excerpt'>Bei der Nutzung von Proxmox ist es notwendig, virtuelle Maschinen (VMs) mit dem bestehenden Netzwerk zu verbinden. Es gibt verschiedene M\u00f6glichkeiten, die VMs f\u00fcr die Kommunikation aus dem Host-Netzwerk erreichbar zu machen. Wenn beispielsweise ein Webserver direkt mit dem Router oder Gateway kommunizieren soll, ist ein Bridge-Netzwerkinterface erforderlich. Dabei kann...<\/div><\/div><\/div><\/div><div class=\"rt-col-md-4 rt-col-sm-6 rt-col-xs-12 even-grid-item rt-grid-item\" data-id=\"7998\"><div class=\"rt-holder\"><div class='rt-detail'><h3 class=\"entry-title\"><a data-id=\"7998\" class=\"\" href=\"https:\/\/speefak.spdns.de\/oss_lifestyle\/migration-einer-virtualbox-vm-nach-proxmox\/\">Migration einer VirtualBox-VM nach Proxmox<\/a><\/h3><div class='tpg-excerpt'>Die Migration einer VirtualBox-VM nach Proxmox ist unkompliziert, kann jedoch zu Problemen beim Booten f\u00fchren, wenn die Boot-Reihenfolge, der Bootloader oder die Partitionstabelle nicht korrekt \u00fcbertragen wurden. Dabei kann es vorkommen, dass die Festplatte nach dem Import in Proxmox lesbar ist, die VM jedoch nicht startet. 1. Export der VirtualBox-VM...<\/div><\/div><\/div><\/div><div class=\"rt-col-md-4 rt-col-sm-6 rt-col-xs-12 even-grid-item rt-grid-item\" data-id=\"7992\"><div class=\"rt-holder\"><div class='rt-detail'><h3 class=\"entry-title\"><a data-id=\"7992\" class=\"\" href=\"https:\/\/speefak.spdns.de\/oss_lifestyle\/proxmox-storage-controller-ein-ueberblick\/\">Proxmox: Storage Controller &#8211; Ein \u00dcberblick<\/a><\/h3><div class='tpg-excerpt'>Die Wahl des richtigen Storage-Controllers in Proxmox beeinflusst Performance und Kompatibilit\u00e4t der VMs. Paravirtualisierte Treiber wie VirtIO erm\u00f6glichen eine direkte Kommunikation mit dem Hypervisor und bieten hohe Effizienz, ben\u00f6tigen aber spezielle Treiber. Emulierte Controller wie IDE oder LSI SCSI simulieren Hardware, sind universell kompatibel, verursachen jedoch mehr CPU-Overhead und niedrigere...<\/div><\/div><\/div><\/div><div class=\"rt-col-md-4 rt-col-sm-6 rt-col-xs-12 even-grid-item rt-grid-item\" data-id=\"7964\"><div class=\"rt-holder\"><div class='rt-detail'><h3 class=\"entry-title\"><a data-id=\"7964\" class=\"\" href=\"https:\/\/speefak.spdns.de\/oss_lifestyle\/installation-und-konfiguration-von-proxmox-auf-debian-12\/\">Installation und Konfiguration von Proxmox auf Debian 12<\/a><\/h3><div class='tpg-excerpt'>Proxmox Virtual Environment (Proxmox VE) ist eine leistungsstarke Open-Source-Virtualisierungsplattform, die KVM (Kernel-based Virtual Machine) und LXC (Linux Containers) unterst\u00fctzt. Sie erm\u00f6glicht das Erstellen und Verwalten von virtuellen Maschinen und Containern \u00fcber eine webbasierte Benutzeroberfl\u00e4che. Proxmox ist besonders f\u00fcr Serverumgebungen geeignet und bietet Funktionen wie Hochverf\u00fcgbarkeit, Backups und Cluster-Management. Es gibt...<\/div><\/div><\/div><\/div><div class=\"rt-col-md-4 rt-col-sm-6 rt-col-xs-12 even-grid-item rt-grid-item\" data-id=\"7983\"><div class=\"rt-holder\"><div class='rt-detail'><h3 class=\"entry-title\"><a data-id=\"7983\" class=\"\" href=\"https:\/\/speefak.spdns.de\/oss_lifestyle\/proxmox-ve-vs-virtualbox-vergleich-im-ueberblick\/\">Proxmox VE vs VirtualBox: Vergleich im \u00dcberblick<\/a><\/h3><div class='tpg-excerpt'>Die Wahl der richtigen Virtualisierungsplattform h\u00e4ngt von den spezifischen Anforderungen und dem geplanten Einsatzgebiet ab. In diesem Vergleich werden zwei g\u00e4ngige Virtualisierungsplattformen, Proxmox VE und VirtualBox, gegen\u00fcbergestellt. Beide bieten unterschiedliche Vorteile und richten sich an verschiedene Zielgruppen und Nutzungsszenarien. Proxmox VE: Die L\u00f6sung f\u00fcr Unternehmen und Rechenzentren Proxmox VE (Virtual...<\/div><\/div><\/div><\/div><\/div><\/div>\n","protected":false},"excerpt":{"rendered":"","protected":false},"author":1,"featured_media":0,"parent":4698,"menu_order":0,"comment_status":"closed","ping_status":"closed","template":"","meta":{"footnotes":""},"categories":[],"tags":[],"class_list":["post-8185","page","type-page","status-publish","hentry"],"rttpg_featured_image_url":null,"rttpg_author":{"display_name":"speefak","author_link":"https:\/\/speefak.spdns.de\/oss_lifestyle\/author\/speefak_oss\/"},"rttpg_comment":0,"rttpg_category":"Allgemein","rttpg_excerpt":null,"_links":{"self":[{"href":"https:\/\/speefak.spdns.de\/oss_lifestyle\/wp-json\/wp\/v2\/pages\/8185","targetHints":{"allow":["GET"]}}],"collection":[{"href":"https:\/\/speefak.spdns.de\/oss_lifestyle\/wp-json\/wp\/v2\/pages"}],"about":[{"href":"https:\/\/speefak.spdns.de\/oss_lifestyle\/wp-json\/wp\/v2\/types\/page"}],"author":[{"embeddable":true,"href":"https:\/\/speefak.spdns.de\/oss_lifestyle\/wp-json\/wp\/v2\/users\/1"}],"replies":[{"embeddable":true,"href":"https:\/\/speefak.spdns.de\/oss_lifestyle\/wp-json\/wp\/v2\/comments?post=8185"}],"version-history":[{"count":0,"href":"https:\/\/speefak.spdns.de\/oss_lifestyle\/wp-json\/wp\/v2\/pages\/8185\/revisions"}],"up":[{"embeddable":true,"href":"https:\/\/speefak.spdns.de\/oss_lifestyle\/wp-json\/wp\/v2\/pages\/4698"}],"wp:attachment":[{"href":"https:\/\/speefak.spdns.de\/oss_lifestyle\/wp-json\/wp\/v2\/media?parent=8185"}],"wp:term":[{"taxonomy":"category","embeddable":true,"href":"https:\/\/speefak.spdns.de\/oss_lifestyle\/wp-json\/wp\/v2\/categories?post=8185"},{"taxonomy":"post_tag","embeddable":true,"href":"https:\/\/speefak.spdns.de\/oss_lifestyle\/wp-json\/wp\/v2\/tags?post=8185"}],"curies":[{"name":"wp","href":"https:\/\/api.w.org\/{rel}","templated":true}]}}