{"id":1182,"date":"2014-01-31T00:58:42","date_gmt":"2014-01-30T23:58:42","guid":{"rendered":"http:\/\/speefak.spdns.de\/oss_lifestyle\/?page_id=1182"},"modified":"2014-01-31T00:58:42","modified_gmt":"2014-01-30T23:58:42","slug":"der-linux-desktop","status":"publish","type":"page","link":"https:\/\/speefak.spdns.de\/oss_lifestyle\/informatik\/software\/der-linux-desktop\/","title":{"rendered":"Das Linux Betriebsystem"},"content":{"rendered":"<h2>Das Linux Betriebsystem<\/h2>\n<p>Der Linux Desktop, wie auch das Basissystem, ist ein freies und kostenloses Rundum-Sorglos-Paket, das neben einer kompletten Office Suite ( Libre Office),\u00a0 einem Mediaplayer, Bildbearbeitungssoftware einer Startleiste uvm. besteht. Im Gegensatz zu dem Windows Desktop bietet Linux Ihnen allerdings eine Auswahl verschiedener Desktopumgebungen, die sie je nach Ihren ganz pers\u00f6nlichen Vorlieben ausw\u00e4hlen k\u00f6nnen. Das Basissystem auf welchem, die Grafischen Oberfl\u00e4chen aufsetzen ist dabei f\u00fcr alle Installationen gleich. Man ben\u00f6tigt nicht zwangsl\u00e4ufig eine Grafische Oberfl\u00e4che die wesentlich h\u00f6here Anforderungen an die Hardware stellt als das reine Basissystem (s. Linux Server ). Microsoft Windows hingegen ist ohne diese ressourcenfressende Grafische Oberfl\u00e4che weder erh\u00e4ltlich noch einsatzf\u00e4hig.<\/p>\n<h2>Die verschiedenen Desktops<\/h2>\n<p>Die\u00a0 gro\u00dfen Desktopumgebungen wie <a href=\"https:\/\/itoss.org\/gui\/die-gnome-shell\/\">GNOME<\/a> oder <a href=\"https:\/\/itoss.org\/gui\/kde-k-desktop-environment\/\">KDE<\/a> warten mit einer ganzen Reihe an Programmen und Werkzeugen f\u00fcr den t\u00e4glichen Bedarf auf, die nahezu alle frei und kostenlos nutzbar sind. Es gibt aber auch kleinere ressourcensparende Desktops wie <a href=\"https:\/\/itoss.org\/gui\/xfce\/\" target=\"_blank\" rel=\"noopener\">Xfce<\/a> u.a..<\/p>\n","protected":false},"excerpt":{"rendered":"<p>Das Linux Betriebsystem Der Linux Desktop, wie auch das Basissystem, ist ein freies und kostenloses Rundum-Sorglos-Paket, das neben einer kompletten Office Suite ( Libre Office),\u00a0 einem Mediaplayer, Bildbearbeitungssoftware einer Startleiste uvm. besteht. Im Gegensatz zu dem Windows Desktop bietet Linux Ihnen allerdings eine Auswahl verschiedener Desktopumgebungen, die sie je nach Ihren ganz pers\u00f6nlichen Vorlieben ausw\u00e4hlen [&hellip;]<\/p>\n","protected":false},"author":1,"featured_media":0,"parent":1165,"menu_order":1,"comment_status":"closed","ping_status":"closed","template":"","meta":{"footnotes":""},"categories":[],"tags":[],"class_list":["post-1182","page","type-page","status-publish","hentry"],"rttpg_featured_image_url":null,"rttpg_author":{"display_name":"speefak","author_link":"https:\/\/speefak.spdns.de\/oss_lifestyle\/author\/speefak_oss\/"},"rttpg_comment":0,"rttpg_category":false,"rttpg_excerpt":"Das Linux Betriebsystem Der Linux Desktop, wie auch das Basissystem, ist ein freies und kostenloses Rundum-Sorglos-Paket, das neben einer kompletten Office Suite ( Libre Office),\u00a0 einem Mediaplayer, Bildbearbeitungssoftware einer Startleiste uvm. besteht. Im Gegensatz zu dem Windows Desktop bietet Linux Ihnen allerdings eine Auswahl verschiedener Desktopumgebungen, die sie je nach Ihren ganz pers\u00f6nlichen Vorlieben ausw\u00e4hlen&hellip;","_links":{"self":[{"href":"https:\/\/speefak.spdns.de\/oss_lifestyle\/wp-json\/wp\/v2\/pages\/1182","targetHints":{"allow":["GET"]}}],"collection":[{"href":"https:\/\/speefak.spdns.de\/oss_lifestyle\/wp-json\/wp\/v2\/pages"}],"about":[{"href":"https:\/\/speefak.spdns.de\/oss_lifestyle\/wp-json\/wp\/v2\/types\/page"}],"author":[{"embeddable":true,"href":"https:\/\/speefak.spdns.de\/oss_lifestyle\/wp-json\/wp\/v2\/users\/1"}],"replies":[{"embeddable":true,"href":"https:\/\/speefak.spdns.de\/oss_lifestyle\/wp-json\/wp\/v2\/comments?post=1182"}],"version-history":[{"count":0,"href":"https:\/\/speefak.spdns.de\/oss_lifestyle\/wp-json\/wp\/v2\/pages\/1182\/revisions"}],"up":[{"embeddable":true,"href":"https:\/\/speefak.spdns.de\/oss_lifestyle\/wp-json\/wp\/v2\/pages\/1165"}],"wp:attachment":[{"href":"https:\/\/speefak.spdns.de\/oss_lifestyle\/wp-json\/wp\/v2\/media?parent=1182"}],"wp:term":[{"taxonomy":"category","embeddable":true,"href":"https:\/\/speefak.spdns.de\/oss_lifestyle\/wp-json\/wp\/v2\/categories?post=1182"},{"taxonomy":"post_tag","embeddable":true,"href":"https:\/\/speefak.spdns.de\/oss_lifestyle\/wp-json\/wp\/v2\/tags?post=1182"}],"curies":[{"name":"wp","href":"https:\/\/api.w.org\/{rel}","templated":true}]}}